CRAN Package Check Results for Package MRTSampleSizeBinary

Last updated on 2025-11-19 09:48:42 CET.

Flavor Version Tinstall Tcheck Ttotal Status Flags
r-devel-linux-x86_64-debian-clang 0.1.2 9.40 98.41 107.81 NOTE
r-devel-linux-x86_64-debian-gcc 0.1.2 6.61 71.84 78.45 NOTE
r-devel-linux-x86_64-fedora-clang 0.1.2 35.00 134.57 169.57 OK
r-devel-linux-x86_64-fedora-gcc 0.1.2 24.00 151.03 175.03 OK
r-devel-windows-x86_64 0.1.2 13.00 97.00 110.00 OK
r-patched-linux-x86_64 0.1.2 7.62 91.22 98.84 OK
r-release-linux-x86_64 0.1.2 8.64 92.54 101.18 OK
r-release-macos-arm64 0.1.2 4.00 44.00 48.00 OK
r-release-macos-x86_64 0.1.2 8.00 83.00 91.00 OK
r-release-windows-x86_64 0.1.2 10.00 97.00 107.00 OK
r-oldrel-macos-arm64 0.1.2 3.00 43.00 46.00 OK
r-oldrel-macos-x86_64 0.1.2 7.00 67.00 74.00 OK
r-oldrel-windows-x86_64 0.1.2 14.00 124.00 138.00 OK

Check Details

Version: 0.1.2
Check: CRAN incoming feasibility
Result: NOTE Maintainer: ‘Tianchen Qian <t.qian@uci.edu>’ No Authors@R field in DESCRIPTION. Please add one, modifying Authors@R: c(person(given = "Eliot", family = "Wong-Toi", role = "aut"), person(given = "Thabat", family = "Dahdoul", role = "aut"), person(given = "Tianchen", family = "Qian", role = c("aut", "cre"), email = "t.qian@uci.edu")) as necessary. Flavors: r-devel-linux-x86_64-debian-clang, r-devel-linux-x86_64-debian-gcc