Last updated on 2025-11-23 12:49:59 CET.
| Flavor | Version | Tinstall | Tcheck | Ttotal | Status | Flags |
|---|---|---|---|---|---|---|
| r-devel-linux-x86_64-debian-clang | 0.3.3 | 4.49 | 34.59 | 39.08 | NOTE | |
| r-devel-linux-x86_64-debian-gcc | 0.3.3 | 3.15 | 26.60 | 29.75 | NOTE | |
| r-devel-linux-x86_64-fedora-clang | 0.3.3 | 11.00 | 47.14 | 58.14 | NOTE | |
| r-devel-windows-x86_64 | 0.3.3 | 7.00 | 53.00 | 60.00 | NOTE | |
| r-patched-linux-x86_64 | 0.3.3 | 4.67 | 31.52 | 36.19 | NOTE | |
| r-release-linux-x86_64 | 0.3.3 | 4.61 | 31.30 | 35.91 | NOTE | |
| r-release-macos-arm64 | 0.3.3 | NOTE | ||||
| r-release-macos-x86_64 | 0.3.3 | 4.00 | 29.00 | 33.00 | NOTE | |
| r-release-windows-x86_64 | 0.3.3 | 7.00 | 65.00 | 72.00 | NOTE | |
| r-oldrel-macos-arm64 | 0.3.3 | NOTE | ||||
| r-oldrel-macos-x86_64 | 0.3.3 | 3.00 | 26.00 | 29.00 | NOTE | |
| r-oldrel-windows-x86_64 | 0.3.3 | 6.00 | 61.00 | 67.00 | NOTE |
Version: 0.3.3
Check: Rd files
Result: NOTE
checkRd: (-1) struc_addSimData.Rd:15: Lost braces
15 | \item{value}{code{data.frame} or code{data.table}}
| ^
checkRd: (-1) struc_addSimData.Rd:15: Lost braces
15 | \item{value}{code{data.frame} or code{data.table}}
| ^
Flavors: r-devel-linux-x86_64-debian-clang, r-devel-linux-x86_64-debian-gcc, r-devel-linux-x86_64-fedora-clang, r-devel-windows-x86_64, r-patched-linux-x86_64, r-release-linux-x86_64, r-release-macos-arm64, r-release-macos-x86_64, r-release-windows-x86_64, r-oldrel-macos-arm64, r-oldrel-macos-x86_64, r-oldrel-windows-x86_64