Last updated on 2025-10-31 09:50:32 CET.
| Flavor | Version | Tinstall | Tcheck | Ttotal | Status | Flags | 
|---|---|---|---|---|---|---|
| r-devel-linux-x86_64-debian-clang | 1.2.7 | 17.65 | 48.60 | 66.25 | NOTE | |
| r-devel-linux-x86_64-debian-gcc | 1.2.7 | 14.24 | 37.46 | 51.70 | NOTE | |
| r-devel-linux-x86_64-fedora-clang | 1.2.7 | 32.00 | 70.54 | 102.54 | OK | |
| r-devel-linux-x86_64-fedora-gcc | 1.2.7 | 37.00 | 83.65 | 120.65 | OK | |
| r-devel-windows-x86_64 | 1.2.7 | 23.00 | 92.00 | 115.00 | OK | |
| r-patched-linux-x86_64 | 1.2.7 | 20.01 | 45.79 | 65.80 | OK | |
| r-release-linux-x86_64 | 1.2.7 | 19.48 | 45.34 | 64.82 | OK | |
| r-release-macos-arm64 | 1.2.7 | 8.00 | 41.00 | 49.00 | OK | |
| r-release-macos-x86_64 | 1.2.7 | 14.00 | 61.00 | 75.00 | OK | |
| r-release-windows-x86_64 | 1.2.7 | 23.00 | 88.00 | 111.00 | OK | |
| r-oldrel-macos-arm64 | 1.2.7 | 7.00 | 32.00 | 39.00 | OK | |
| r-oldrel-macos-x86_64 | 1.2.7 | 11.00 | 45.00 | 56.00 | OK | |
| r-oldrel-windows-x86_64 | 1.2.7 | 29.00 | 108.00 | 137.00 | OK | 
Version: 1.2.7
Check: CRAN incoming feasibility
Result: NOTE
  Maintainer: ‘Alejandro Gonzalez Recuenco <alejandrogonzalezrecuenco@gmail.com>’
  
  No Authors@R field in DESCRIPTION.
  Please add one, modifying
    Authors@R: person(given = c("Alejandro", "Gonzalez"),
                      family = "Recuenco",
                      role = c("aut", "cre"),
                      email = "alejandrogonzalezrecuenco@gmail.com")
  as necessary.
Flavors: r-devel-linux-x86_64-debian-clang, r-devel-linux-x86_64-debian-gcc