Last updated on 2025-11-02 10:50:40 CET.
| Flavor | Version | Tinstall | Tcheck | Ttotal | Status | Flags |
|---|---|---|---|---|---|---|
| r-devel-linux-x86_64-debian-clang | 1.40 | 44.39 | 126.76 | 171.15 | NOTE | |
| r-devel-linux-x86_64-debian-gcc | 1.40 | 26.19 | 84.90 | 111.09 | NOTE | |
| r-devel-linux-x86_64-fedora-clang | 1.40 | 90.00 | 173.51 | 263.51 | OK | |
| r-devel-linux-x86_64-fedora-gcc | 1.40 | 118.00 | 144.04 | 262.04 | OK | |
| r-devel-windows-x86_64 | 1.40 | 50.00 | 174.00 | 224.00 | OK | |
| r-patched-linux-x86_64 | 1.40 | 34.59 | 118.54 | 153.13 | NOTE | |
| r-release-linux-x86_64 | 1.40 | 30.46 | 119.84 | 150.30 | NOTE | |
| r-release-macos-arm64 | 1.40 | 25.00 | 56.00 | 81.00 | OK | |
| r-release-macos-x86_64 | 1.40 | 24.00 | 108.00 | 132.00 | OK | |
| r-release-windows-x86_64 | 1.40 | 57.00 | 173.00 | 230.00 | OK | |
| r-oldrel-macos-arm64 | 1.40 | 20.00 | 59.00 | 79.00 | OK | |
| r-oldrel-macos-x86_64 | 1.40 | 18.00 | 82.00 | 100.00 | OK | |
| r-oldrel-windows-x86_64 | 1.40 | 60.00 | 183.00 | 243.00 | OK |
Version: 1.40
Check: for unstated dependencies in ‘demo’
Result: NOTE
'library' or 'require' call not declared from: ‘nlme’
Flavors: r-devel-linux-x86_64-debian-clang, r-devel-linux-x86_64-debian-gcc, r-patched-linux-x86_64, r-release-linux-x86_64