Last updated on 2025-11-23 12:49:49 CET.
| Flavor | Version | Tinstall | Tcheck | Ttotal | Status | Flags |
|---|---|---|---|---|---|---|
| r-devel-linux-x86_64-debian-clang | 1.0.0 | 7.66 | 77.46 | 85.12 | OK | |
| r-devel-linux-x86_64-debian-gcc | 1.0.0 | 5.91 | 60.37 | 66.28 | OK | |
| r-devel-linux-x86_64-fedora-clang | 1.0.0 | 28.00 | 107.94 | 135.94 | OK | |
| r-devel-linux-x86_64-fedora-gcc | 1.0.0 | 15.00 | 126.32 | 141.32 | OK | |
| r-devel-windows-x86_64 | 1.0.0 | 10.00 | 86.00 | 96.00 | OK | |
| r-patched-linux-x86_64 | 1.0.0 | 7.71 | 74.23 | 81.94 | OK | |
| r-release-linux-x86_64 | 1.0.0 | 7.57 | 75.49 | 83.06 | OK | |
| r-release-macos-arm64 | 1.0.0 | OK | ||||
| r-release-macos-x86_64 | 1.0.0 | 7.00 | 84.00 | 91.00 | OK | |
| r-release-windows-x86_64 | 1.0.0 | 9.00 | 105.00 | 114.00 | OK | |
| r-oldrel-macos-arm64 | 1.0.0 | NOTE | ||||
| r-oldrel-macos-x86_64 | 1.0.0 | 5.00 | 63.00 | 68.00 | NOTE | |
| r-oldrel-windows-x86_64 | 1.0.0 | 11.00 | 105.00 | 116.00 | NOTE |
Version: 1.0.0
Check: LazyData
Result: NOTE
'LazyData' is specified without a 'data' directory
Flavors: r-oldrel-macos-arm64, r-oldrel-macos-x86_64, r-oldrel-windows-x86_64