Last updated on 2025-11-22 09:49:55 CET.
| Flavor | Version | Tinstall | Tcheck | Ttotal | Status | Flags |
|---|---|---|---|---|---|---|
| r-devel-linux-x86_64-debian-clang | 2.2-10 | 41.77 | 147.24 | 189.01 | OK | |
| r-devel-linux-x86_64-debian-gcc | 2.2-10 | 30.86 | 95.99 | 126.85 | OK | |
| r-devel-linux-x86_64-fedora-clang | 2.2-10 | 212.00 | 117.32 | 329.32 | OK | |
| r-devel-linux-x86_64-fedora-gcc | 2.2-10 | 172.00 | 133.00 | 305.00 | OK | |
| r-devel-windows-x86_64 | 2.2-9 | 45.00 | 144.00 | 189.00 | OK | |
| r-patched-linux-x86_64 | 2.2-9 | 38.42 | 135.53 | 173.95 | OK | |
| r-release-linux-x86_64 | 2.2-9 | 37.97 | 140.98 | 178.95 | OK | |
| r-release-macos-arm64 | 2.2-10 | 1.00 | 11.00 | 12.00 | ERROR | |
| r-release-macos-x86_64 | 2.2-10 | 57.00 | 186.00 | 243.00 | OK | |
| r-release-windows-x86_64 | 2.2-9 | 51.00 | 143.00 | 194.00 | OK | |
| r-oldrel-macos-arm64 | 2.2-10 | 3.00 | 9.00 | 12.00 | ERROR | |
| r-oldrel-macos-x86_64 | 2.2-10 | 56.00 | 187.00 | 243.00 | OK | |
| r-oldrel-windows-x86_64 | 2.2-9 | 48.00 | 154.00 | 202.00 | OK |
Version: 2.2-10
Check: whether package can be installed
Result: ERROR
Installation failed.
Flavors: r-release-macos-arm64, r-oldrel-macos-arm64