CRAN Package Check Results for Package mapsapi

Last updated on 2025-11-16 09:49:32 CET.

Flavor Version Tinstall Tcheck Ttotal Status Flags
r-devel-linux-x86_64-debian-clang 0.5.4 3.24 54.37 57.61 OK
r-devel-linux-x86_64-debian-gcc 0.5.4 2.52 42.84 45.36 NOTE
r-devel-linux-x86_64-fedora-clang 0.5.4 85.32 OK
r-devel-linux-x86_64-fedora-gcc 0.5.4 98.53 OK
r-devel-windows-x86_64 0.5.4 7.00 80.00 87.00 OK
r-patched-linux-x86_64 0.5.4 3.63 52.62 56.25 OK
r-release-linux-x86_64 0.5.4 3.23 52.88 56.11 OK
r-release-macos-arm64 0.5.4 2.00 46.00 48.00 OK
r-release-macos-x86_64 0.5.4 4.00 77.00 81.00 OK
r-release-windows-x86_64 0.5.4 7.00 76.00 83.00 OK
r-oldrel-macos-arm64 0.5.4 2.00 32.00 34.00 OK
r-oldrel-macos-x86_64 0.5.4 3.00 50.00 53.00 OK
r-oldrel-windows-x86_64 0.5.4 7.00 92.00 99.00 OK

Check Details

Version: 0.5.4
Check: CRAN incoming feasibility
Result: NOTE Maintainer: ‘Michael Dorman <dorman@post.bgu.ac.il>’ The BugReports field in DESCRIPTION has https://github.com/michaeldorman/mapsapi/issues/ which should likely be https://github.com/michaeldorman/mapsapi/issues/issues instead. Flavor: r-devel-linux-x86_64-debian-gcc