Last updated on 2025-10-22 09:50:43 CEST.
Flavor | Version | Tinstall | Tcheck | Ttotal | Status | Flags |
---|---|---|---|---|---|---|
r-devel-linux-x86_64-debian-clang | 2.0.0 | 5.11 | 50.47 | 55.58 | NOTE | |
r-devel-linux-x86_64-debian-gcc | 2.0.0 | 4.20 | 38.93 | 43.13 | NOTE | |
r-devel-linux-x86_64-fedora-clang | 2.0.0 | 14.00 | 72.39 | 86.39 | OK | |
r-devel-linux-x86_64-fedora-gcc | 2.0.0 | 11.00 | 82.60 | 93.60 | OK | |
r-devel-windows-x86_64 | 2.0.0 | 7.00 | 73.00 | 80.00 | OK | |
r-patched-linux-x86_64 | 2.0.0 | 5.15 | 46.62 | 51.77 | OK | |
r-release-linux-x86_64 | 2.0.0 | 5.69 | 46.70 | 52.39 | OK | |
r-release-macos-arm64 | 2.0.0 | 3.00 | 34.00 | 37.00 | OK | |
r-release-macos-x86_64 | 2.0.0 | 5.00 | 57.00 | 62.00 | OK | |
r-release-windows-x86_64 | 2.0.0 | 8.00 | 74.00 | 82.00 | OK | |
r-oldrel-macos-arm64 | 2.0.0 | 3.00 | 62.00 | 65.00 | OK | |
r-oldrel-macos-x86_64 | 2.0.0 | 5.00 | 63.00 | 68.00 | OK | |
r-oldrel-windows-x86_64 | 2.0.0 | 8.00 | 83.00 | 91.00 | OK |
Version: 2.0.0
Check: HTML version of manual
Result: NOTE
Found the following HTML validation problems:
search_geo.html:55:1 (search_geo.Rd:14): Warning: missing </ul> before </div>
Flavors: r-devel-linux-x86_64-debian-clang, r-devel-linux-x86_64-debian-gcc