Last updated on 2025-10-21 09:48:47 CEST.
Flavor | Version | Tinstall | Tcheck | Ttotal | Status | Flags |
---|---|---|---|---|---|---|
r-devel-linux-x86_64-debian-clang | 0.5.1 | 6.26 | 65.57 | 71.83 | OK | |
r-devel-linux-x86_64-debian-gcc | 0.5.1 | 4.31 | 48.89 | 53.20 | NOTE | |
r-devel-linux-x86_64-fedora-clang | 0.5.1 | 106.68 | OK | |||
r-devel-linux-x86_64-fedora-gcc | 0.5.1 | 117.25 | OK | |||
r-devel-windows-x86_64 | 0.5.1 | 9.00 | 101.00 | 110.00 | OK | |
r-patched-linux-x86_64 | 0.5.1 | 7.05 | 61.54 | 68.59 | OK | |
r-release-linux-x86_64 | 0.5.1 | 5.59 | 62.15 | 67.74 | OK | |
r-release-macos-arm64 | 0.5.1 | 43.00 | OK | |||
r-release-macos-x86_64 | 0.5.1 | 78.00 | OK | |||
r-release-windows-x86_64 | 0.5.1 | 10.00 | 101.00 | 111.00 | OK | |
r-oldrel-macos-arm64 | 0.5.1 | 43.00 | OK | |||
r-oldrel-macos-x86_64 | 0.5.1 | 70.00 | OK | |||
r-oldrel-windows-x86_64 | 0.5.1 | 12.00 | 119.00 | 131.00 | OK |
Version: 0.5.1
Check: HTML version of manual
Result: NOTE
Found the following HTML validation problems:
Progress-R6.html:137:1 (Progress-R6.Rd:107): Warning: <h5> anchor "Usage" already defined
Progress-R6.html:143:1 (Progress-R6.Rd:111): Warning: <h5> anchor "Arguments" already defined
Progress-R6.html:175:1 (Progress-R6.Rd:133): Warning: <h5> anchor "Usage" already defined
Progress-R6.html:181:1 (Progress-R6.Rd:137): Warning: <h5> anchor "Arguments" already defined
Progress-R6.html:210:1 (Progress-R6.Rd:156): Warning: <h5> anchor "Usage" already defined
Progress-R6.html:226:1 (Progress-R6.Rd:166): Warning: <h5> anchor "Usage" already defined
Progress-R6.html:242:1 (Progress-R6.Rd:176): Warning: <h5> anchor "Usage" already defined
Progress-R6.html:259:1 (Progress-R6.Rd:187): Warning: <h5> anchor "Usage" already defined
Progress-R6.html:275:1 (Progress-R6.Rd:197): Warning: <h5> anchor "Usage" already defined
Progress-R6.html:281:1 (Progress-R6.Rd:201): Warning: <h5> anchor "Arguments" already defined
attach_rule.html:58:1 (attach_rule.Rd:16): Warning: missing </ul> before </div>
define_selection_type.html:50:1 (define_selection_type.Rd:12): Warning: missing </ul> before </div>
dot-onLoad.html:50:1 (dot-onLoad.Rd:12): Warning: missing </ul> before </div>
generate_random_id.html:52:1 (generate_random_id.Rd:13): Warning: missing </ul> before </div>
list_element.html:54:1 (list_element.Rd:14): Warning: missing </ul> before </div>
set_tab_id.html:47:1 (set_tab_id.Rd:11): Warning: missing </ul> before </div>
update_progress.html:64:1 (update_progress.Rd:22): Warning: missing </ul> before </div>
warn_unsupported_args.html:46:1 (warn_unsupported_args.Rd:10): Warning: missing </ul> before </div>
Flavor: r-devel-linux-x86_64-debian-gcc