Last updated on 2025-11-02 11:50:36 CET.
| Flavor | Version | Tinstall | Tcheck | Ttotal | Status | Flags |
|---|---|---|---|---|---|---|
| r-devel-linux-x86_64-debian-clang | 1.1.1 | 6.04 | 47.50 | 53.54 | OK | |
| r-devel-linux-x86_64-debian-gcc | 1.1.1 | 4.23 | 35.80 | 40.03 | OK | |
| r-devel-linux-x86_64-fedora-clang | 1.1.1 | 11.00 | 66.08 | 77.08 | OK | |
| r-devel-linux-x86_64-fedora-gcc | 1.1.1 | 11.00 | 62.73 | 73.73 | OK | |
| r-devel-windows-x86_64 | 1.1.1 | 12.00 | 68.00 | 80.00 | OK | |
| r-patched-linux-x86_64 | 1.1.1 | 5.21 | 43.85 | 49.06 | OK | |
| r-release-linux-x86_64 | 1.1.1 | 5.74 | 43.97 | 49.71 | OK | |
| r-release-macos-arm64 | 1.1.1 | 3.00 | 31.00 | 34.00 | OK | |
| r-release-macos-x86_64 | 1.1.1 | 5.00 | 41.00 | 46.00 | OK | |
| r-release-windows-x86_64 | 1.1.1 | 13.00 | 66.00 | 79.00 | OK | |
| r-oldrel-macos-arm64 | 1.1.1 | 2.00 | 24.00 | 26.00 | NOTE | |
| r-oldrel-macos-x86_64 | 1.1.1 | 4.00 | 34.00 | 38.00 | NOTE | |
| r-oldrel-windows-x86_64 | 1.1.1 | 16.00 | 83.00 | 99.00 | NOTE |
Version: 1.1.1
Check: installed package size
Result: NOTE
installed size is 20.5Mb
sub-directories of 1Mb or more:
www 19.7Mb
Flavors: r-oldrel-macos-arm64, r-oldrel-macos-x86_64, r-oldrel-windows-x86_64