CRAN Package Check Results for Package simplermarkdown

Last updated on 2025-10-22 09:50:52 CEST.

Flavor Version Tinstall Tcheck Ttotal Status Flags
r-devel-linux-x86_64-debian-clang 0.0.6 2.09 25.83 27.92 NOTE
r-devel-linux-x86_64-debian-gcc 0.0.6 1.73 20.90 22.63 NOTE
r-devel-linux-x86_64-fedora-clang 0.0.6 42.12 NOTE
r-devel-linux-x86_64-fedora-gcc 0.0.6 54.37 NOTE
r-devel-windows-x86_64 0.0.6 3.00 48.00 51.00 NOTE
r-patched-linux-x86_64 0.0.6 2.49 24.40 26.89 NOTE
r-release-linux-x86_64 0.0.6 2.16 24.47 26.63 NOTE
r-release-macos-arm64 0.0.6 1.00 23.00 24.00 NOTE
r-release-macos-x86_64 0.0.6 2.00 39.00 41.00 NOTE
r-release-windows-x86_64 0.0.6 4.00 48.00 52.00 NOTE
r-oldrel-macos-arm64 0.0.6 1.00 23.00 24.00 OK
r-oldrel-macos-x86_64 0.0.6 2.00 31.00 33.00 OK
r-oldrel-windows-x86_64 0.0.6 3.00 53.00 56.00 OK

Check Details

Version: 0.0.6
Check: DESCRIPTION meta-information
Result: NOTE Missing dependency on R >= 4.1.0 because package code uses the pipe |> or function shorthand \(...) syntax added in R 4.1.0. File(s) using such syntax: ‘markdown_block.R’ Flavors: r-devel-linux-x86_64-debian-clang, r-devel-linux-x86_64-debian-gcc, r-devel-linux-x86_64-fedora-clang, r-devel-linux-x86_64-fedora-gcc, r-devel-windows-x86_64, r-patched-linux-x86_64, r-release-linux-x86_64, r-release-macos-arm64, r-release-macos-x86_64, r-release-windows-x86_64