Last updated on 2025-07-21 10:51:31 CEST.
Flavor | Version | Tinstall | Tcheck | Ttotal | Status | Flags |
---|---|---|---|---|---|---|
r-devel-linux-x86_64-debian-clang | 0.3.2 | 5.73 | 233.97 | 239.70 | NOTE | |
r-devel-linux-x86_64-debian-gcc | 0.3.2 | 4.70 | 155.96 | 160.66 | NOTE | |
r-devel-linux-x86_64-fedora-clang | 0.3.2 | 365.06 | NOTE | |||
r-devel-linux-x86_64-fedora-gcc | 0.3.2 | 353.83 | NOTE | |||
r-devel-windows-x86_64 | 0.3.2 | 8.00 | 200.00 | 208.00 | NOTE | |
r-patched-linux-x86_64 | 0.3.2 | 6.35 | 219.79 | 226.14 | NOTE | |
r-release-linux-x86_64 | 0.3.2 | 6.29 | 222.38 | 228.67 | NOTE | |
r-release-macos-arm64 | 0.3.2 | 114.00 | NOTE | |||
r-release-macos-x86_64 | 0.3.2 | 235.00 | NOTE | |||
r-release-windows-x86_64 | 0.3.2 | 10.00 | 193.00 | 203.00 | NOTE | |
r-oldrel-macos-arm64 | 0.3.2 | 96.00 | NOTE | |||
r-oldrel-macos-x86_64 | 0.3.2 | 174.00 | NOTE | |||
r-oldrel-windows-x86_64 | 0.3.2 | 12.00 | 283.00 | 295.00 | NOTE |
Version: 0.3.2
Check: Rd files
Result: NOTE
checkRd: (-1) json_schema.Rd:33: Lost braces; missing escapes or markup?
33 | \item object -> {"name": <type>} e.g., {"age": 32} -> {"age": "number"}
| ^
checkRd: (-1) json_schema.Rd:33: Lost braces; missing escapes or markup?
33 | \item object -> {"name": <type>} e.g., {"age": 32} -> {"age": "number"}
| ^
checkRd: (-1) json_schema.Rd:33: Lost braces; missing escapes or markup?
33 | \item object -> {"name": <type>} e.g., {"age": 32} -> {"age": "number"}
| ^
Flavors: r-devel-linux-x86_64-debian-clang, r-devel-linux-x86_64-debian-gcc, r-devel-linux-x86_64-fedora-clang, r-devel-linux-x86_64-fedora-gcc, r-devel-windows-x86_64, r-patched-linux-x86_64, r-release-linux-x86_64, r-release-macos-arm64, r-release-macos-x86_64, r-release-windows-x86_64, r-oldrel-macos-arm64, r-oldrel-macos-x86_64, r-oldrel-windows-x86_64