Last updated on 2025-10-30 09:50:06 CET.
| Flavor | Version | Tinstall | Tcheck | Ttotal | Status | Flags | 
|---|---|---|---|---|---|---|
| r-devel-linux-x86_64-debian-clang | 1.1.24 | 5.78 | 73.38 | 79.16 | NOTE | |
| r-devel-linux-x86_64-debian-gcc | 1.1.24 | 4.39 | 51.52 | 55.91 | NOTE | |
| r-devel-linux-x86_64-fedora-clang | 1.1.24 | 15.00 | 108.52 | 123.52 | OK | |
| r-devel-linux-x86_64-fedora-gcc | 1.1.24 | 13.00 | 142.36 | 155.36 | OK | |
| r-devel-windows-x86_64 | 1.1.24 | 8.00 | 97.00 | 105.00 | OK | |
| r-patched-linux-x86_64 | 1.1.24 | 5.66 | 68.48 | 74.14 | OK | |
| r-release-linux-x86_64 | 1.1.24 | 7.55 | 69.24 | 76.79 | OK | |
| r-release-macos-arm64 | 1.1.24 | 3.00 | 55.00 | 58.00 | OK | |
| r-release-macos-x86_64 | 1.1.24 | 6.00 | 116.00 | 122.00 | OK | |
| r-release-windows-x86_64 | 1.1.24 | 11.00 | 98.00 | 109.00 | OK | |
| r-oldrel-macos-arm64 | 1.1.24 | 3.00 | 52.00 | 55.00 | OK | |
| r-oldrel-macos-x86_64 | 1.1.24 | 5.00 | 82.00 | 87.00 | OK | |
| r-oldrel-windows-x86_64 | 1.1.24 | 13.00 | 120.00 | 133.00 | OK | 
Version: 1.1.24
Check: CRAN incoming feasibility
Result: NOTE
  Maintainer: ‘Fabien Gelineau <neonira@gmail.com>’
  
  No Authors@R field in DESCRIPTION.
  Please add one, modifying
    Authors@R: person(given = "Fabien",
                      family = "Gelineau",
                      role = c("aut", "cre"),
                      email = "neonira@gmail.com")
  as necessary.
Flavors: r-devel-linux-x86_64-debian-clang, r-devel-linux-x86_64-debian-gcc