Last updated on 2025-07-27 10:49:15 CEST.
Flavor | Version | Tinstall | Tcheck | Ttotal | Status | Flags |
---|---|---|---|---|---|---|
r-devel-linux-x86_64-debian-clang | 0.2.3 | 3.14 | 26.88 | 30.02 | NOTE | |
r-devel-linux-x86_64-debian-gcc | 0.2.3 | 2.04 | 21.86 | 23.90 | NOTE | |
r-devel-linux-x86_64-fedora-clang | 0.2.3 | 46.98 | OK | |||
r-devel-linux-x86_64-fedora-gcc | 0.2.3 | 43.17 | OK | |||
r-devel-windows-x86_64 | 0.2.3 | 4.00 | 53.00 | 57.00 | OK | |
r-patched-linux-x86_64 | 0.2.3 | 2.50 | 25.14 | 27.64 | OK | |
r-release-linux-x86_64 | 0.2.3 | 2.74 | 24.81 | 27.55 | OK | |
r-release-macos-arm64 | 0.2.3 | 27.00 | OK | |||
r-release-macos-x86_64 | 0.2.3 | 42.00 | OK | |||
r-release-windows-x86_64 | 0.2.3 | 4.00 | 53.00 | 57.00 | OK | |
r-oldrel-macos-arm64 | 0.2.3 | 18.00 | OK | |||
r-oldrel-macos-x86_64 | 0.2.3 | 29.00 | OK | |||
r-oldrel-windows-x86_64 | 0.2.3 | 5.00 | 61.00 | 66.00 | OK |
Version: 0.2.3
Check: CRAN incoming feasibility
Result: NOTE
Maintainer: ‘Diogo Silveira Mendonca <diogosmendonca@gmail.com>’
No Authors@R field in DESCRIPTION.
Please add one, modifying
Authors@R: person(given = c("Diogo", "Silveira"),
family = "Mendonca",
role = c("aut", "cre"),
email = "diogosmendonca@gmail.com")
as necessary.
Flavors: r-devel-linux-x86_64-debian-clang, r-devel-linux-x86_64-debian-gcc