Last updated on 2024-05-04 09:49:29 CEST.
Flavor | Version | Tinstall | Tcheck | Ttotal | Status | Flags |
---|---|---|---|---|---|---|
r-devel-linux-x86_64-debian-clang | 1.13 | 7.89 | 59.66 | 67.55 | NOTE | |
r-devel-linux-x86_64-debian-gcc | 1.13 | 5.57 | 43.52 | 49.09 | NOTE | |
r-devel-linux-x86_64-fedora-clang | 1.13 | 81.69 | NOTE | |||
r-devel-linux-x86_64-fedora-gcc | 1.13 | 83.85 | NOTE | |||
r-devel-windows-x86_64 | 1.13 | 11.00 | 91.00 | 102.00 | NOTE | |
r-patched-linux-x86_64 | 1.13 | 6.13 | 56.35 | 62.48 | NOTE | |
r-release-linux-x86_64 | 1.13 | 6.77 | 56.78 | 63.55 | NOTE | |
r-release-macos-arm64 | 1.13 | 34.00 | NOTE | |||
r-release-windows-x86_64 | 1.13 | 10.00 | 89.00 | 99.00 | NOTE | |
r-oldrel-macos-arm64 | 1.13 | 38.00 | OK | |||
r-oldrel-macos-x86_64 | 1.13 | 49.00 | OK | |||
r-oldrel-windows-x86_64 | 1.13 | 11.00 | 96.00 | 107.00 | OK |
Version: 1.13
Check: Rd files
Result: NOTE
checkRd: (-1) getOperatingSystem.Rd:26: Lost braces in \itemize; meant \describe ?
checkRd: (-1) getOperatingSystem.Rd:27: Lost braces in \itemize; meant \describe ?
checkRd: (-1) getOperatingSystem.Rd:28: Lost braces in \itemize; meant \describe ?
checkRd: (-1) getOperatingSystem.Rd:29: Lost braces in \itemize; meant \describe ?
checkRd: (-1) getOperatingSystem.Rd:30: Lost braces in \itemize; meant \describe ?
Flavors: r-devel-linux-x86_64-debian-clang, r-devel-linux-x86_64-debian-gcc, r-devel-linux-x86_64-fedora-clang, r-devel-linux-x86_64-fedora-gcc, r-devel-windows-x86_64, r-patched-linux-x86_64, r-release-linux-x86_64, r-release-macos-arm64, r-release-windows-x86_64