Last updated on 2024-05-04 09:49:29 CEST.
Flavor | Version | Tinstall | Tcheck | Ttotal | Status | Flags |
---|---|---|---|---|---|---|
r-devel-linux-x86_64-debian-clang | 1.2 | 31.88 | 40.60 | 72.48 | NOTE | |
r-devel-linux-x86_64-debian-gcc | 1.2 | 25.18 | 29.96 | 55.14 | NOTE | |
r-devel-linux-x86_64-fedora-clang | 1.2 | 96.81 | NOTE | |||
r-devel-linux-x86_64-fedora-gcc | 1.2 | 102.90 | NOTE | |||
r-devel-windows-x86_64 | 1.2 | 27.00 | 75.00 | 102.00 | NOTE | |
r-patched-linux-x86_64 | 1.2 | 30.65 | 38.85 | 69.50 | NOTE | |
r-release-linux-x86_64 | 1.2 | 28.48 | 38.58 | 67.06 | NOTE | |
r-release-macos-arm64 | 1.2 | 27.00 | NOTE | |||
r-release-windows-x86_64 | 1.2 | 25.00 | 74.00 | 99.00 | NOTE | |
r-oldrel-macos-arm64 | 1.2 | 33.00 | NOTE | |||
r-oldrel-macos-x86_64 | 1.2 | 46.00 | NOTE | |||
r-oldrel-windows-x86_64 | 1.2 | 31.00 | 82.00 | 113.00 | NOTE |
Version: 1.2
Check: C++ specification
Result: NOTE
Specified C++11: please drop specification unless essential
Flavors: r-devel-linux-x86_64-debian-clang, r-devel-linux-x86_64-debian-gcc, r-devel-linux-x86_64-fedora-clang, r-devel-linux-x86_64-fedora-gcc, r-devel-windows-x86_64, r-patched-linux-x86_64, r-release-linux-x86_64, r-release-macos-arm64, r-release-windows-x86_64, r-oldrel-macos-arm64, r-oldrel-macos-x86_64, r-oldrel-windows-x86_64
Version: 1.2
Check: Rd files
Result: NOTE
checkRd: (-1) gene_s.Rd:17: Lost braces; missing escapes or markup?
17 | giving the virus access to the cell and thus facilitating the COVID-19 disease. The gene sequence is mapped to the alphabet {0,1,2,3} via the obvious map A->0, C->1, G->2, T->3.
| ^
checkRd: (-1) sars_cov_2.Rd:16: Lost braces; missing escapes or markup?
16 | It consists of n = 29903 base pairs. The gene sequence is mapped to the alphabet {0,1,2,3} via the obvious map A->0, C->1, G->2, T->3.
| ^
Flavors: r-devel-linux-x86_64-debian-clang, r-devel-linux-x86_64-debian-gcc, r-devel-linux-x86_64-fedora-clang, r-devel-linux-x86_64-fedora-gcc, r-devel-windows-x86_64, r-patched-linux-x86_64, r-release-linux-x86_64, r-release-macos-arm64, r-release-windows-x86_64