Last updated on 2024-05-04 09:49:30 CEST.
Flavor | Version | Tinstall | Tcheck | Ttotal | Status | Flags |
---|---|---|---|---|---|---|
r-devel-linux-x86_64-debian-clang | 1.0.4 | 10.68 | 120.29 | 130.97 | NOTE | |
r-devel-linux-x86_64-debian-gcc | 1.0.4 | 8.07 | 87.63 | 95.70 | NOTE | |
r-devel-linux-x86_64-fedora-clang | 1.0.4 | 167.42 | NOTE | |||
r-devel-linux-x86_64-fedora-gcc | 1.0.4 | 172.16 | NOTE | |||
r-devel-windows-x86_64 | 1.0.4 | 8.00 | 102.00 | 110.00 | NOTE | |
r-patched-linux-x86_64 | 1.0.4 | 9.16 | 115.24 | 124.40 | NOTE | |
r-release-linux-x86_64 | 1.0.4 | 7.66 | 114.81 | 122.47 | NOTE | |
r-release-macos-arm64 | 1.0.4 | 50.00 | NOTE | |||
r-release-macos-x86_64 | 1.0.4 | 175.00 | NOTE | |||
r-release-windows-x86_64 | 1.0.4 | 8.00 | 100.00 | 108.00 | NOTE | |
r-oldrel-macos-arm64 | 1.0.4 | 56.00 | NOTE | |||
r-oldrel-macos-x86_64 | 1.0.4 | 126.00 | NOTE | |||
r-oldrel-windows-x86_64 | 1.0.4 | 10.00 | 120.00 | 130.00 | NOTE |
Version: 1.0.4
Check: package dependencies
Result: NOTE
Packages suggested but not available for checking: 'cplexAPI', 'bestsubset'
Flavors: r-devel-linux-x86_64-debian-clang, r-devel-linux-x86_64-debian-gcc, r-devel-linux-x86_64-fedora-clang, r-devel-linux-x86_64-fedora-gcc, r-devel-windows-x86_64, r-patched-linux-x86_64, r-release-linux-x86_64, r-release-macos-arm64, r-release-macos-x86_64, r-release-windows-x86_64, r-oldrel-macos-arm64, r-oldrel-macos-x86_64, r-oldrel-windows-x86_64