Last updated on 2024-05-04 09:49:29 CEST.
Flavor | Version | Tinstall | Tcheck | Ttotal | Status | Flags |
---|---|---|---|---|---|---|
r-devel-linux-x86_64-debian-clang | 1.1.5 | 270.67 | 168.85 | 439.52 | OK | |
r-devel-linux-x86_64-debian-gcc | 1.1.5 | 209.96 | 129.51 | 339.47 | OK | |
r-devel-linux-x86_64-fedora-clang | 1.1.5 | 501.12 | NOTE | |||
r-devel-linux-x86_64-fedora-gcc | 1.1.5 | 325.54 | NOTE | |||
r-devel-windows-x86_64 | 1.1.5 | 193.00 | 168.00 | 361.00 | OK | |
r-patched-linux-x86_64 | 1.1.5 | 185.30 | 169.61 | 354.91 | OK | |
r-release-linux-x86_64 | 1.1.5 | 176.42 | 173.89 | 350.31 | OK | |
r-release-macos-arm64 | 1.1.5 | 133.00 | NOTE | |||
r-release-windows-x86_64 | 1.1.5 | 175.00 | 163.00 | 338.00 | ERROR | |
r-oldrel-macos-arm64 | 1.1.5 | 125.00 | NOTE | |||
r-oldrel-macos-x86_64 | 1.1.5 | 230.00 | NOTE | |||
r-oldrel-windows-x86_64 | 1.1.5 | 236.00 | 196.00 | 432.00 | OK |
Version: 1.1.5
Check: for GNU extensions in Makefiles
Result: NOTE
GNU make is a SystemRequirements.
Flavors: r-devel-linux-x86_64-fedora-clang, r-devel-linux-x86_64-fedora-gcc, r-release-macos-arm64, r-oldrel-macos-arm64, r-oldrel-macos-x86_64
Version: 1.1.5
Check: installed package size
Result: NOTE
installed size is 62.8Mb
sub-directories of 1Mb or more:
libs 62.2Mb
Flavors: r-release-macos-arm64, r-oldrel-macos-arm64, r-oldrel-macos-x86_64
Version: 1.1.5
Check: examples
Result: ERROR
Running examples in 'Bernadette-Ex.R' failed
The error most likely occurred in:
> ### Name: age_distribution
> ### Title: Country-specific age distribution
> ### Aliases: age_distribution
>
> ### ** Examples
>
> # Age distribution for Greece in 2020:
> age_distr <- age_distribution(country = "Greece", year = 2020)
Warning in load(base::url(data_path)) :
URL 'https://raw.githubusercontent.com/kieshaprem/synthetic-contact-matrices/master/generate_synthetic_matrices/input/pop/poptotal.rdata': status was 'SSL connect error'
Error in load(base::url(data_path)) :
cannot open the connection to 'https://github.com//kieshaprem//synthetic-contact-matrices//raw//master//generate_synthetic_matrices//input//pop//poptotal.rdata'
Calls: age_distribution -> %in% -> countries_un -> load
Execution halted
Flavor: r-release-windows-x86_64