Last updated on 2024-05-04 09:49:30 CEST.
Flavor | Version | Tinstall | Tcheck | Ttotal | Status | Flags |
---|---|---|---|---|---|---|
r-devel-linux-x86_64-debian-clang | 1.0.16 | 8.55 | 64.48 | 73.03 | NOTE | |
r-devel-linux-x86_64-debian-gcc | 1.0.16 | 5.69 | 49.40 | 55.09 | OK | |
r-devel-linux-x86_64-fedora-clang | 1.0.16 | 102.86 | OK | |||
r-devel-linux-x86_64-fedora-gcc | 1.0.16 | 102.04 | OK | |||
r-devel-windows-x86_64 | 1.0.16 | 9.00 | 68.00 | 77.00 | OK | |
r-patched-linux-x86_64 | 1.0.16 | 9.00 | 62.57 | 71.57 | OK | |
r-release-linux-x86_64 | 1.0.16 | 6.88 | 64.91 | 71.79 | OK | |
r-release-macos-arm64 | 1.0.16 | 37.00 | OK | |||
r-release-windows-x86_64 | 1.0.16 | 9.00 | 67.00 | 76.00 | OK | |
r-oldrel-macos-arm64 | 1.0.16 | 37.00 | OK | |||
r-oldrel-macos-x86_64 | 1.0.16 | 57.00 | OK | |||
r-oldrel-windows-x86_64 | 1.0.16 | 12.00 | 73.00 | 85.00 | OK |
Version: 1.0.16
Check: package dependencies
Result: NOTE
Packages suggested but not available for checking: 'AnnotationDbi', 'GO.db'
Flavor: r-devel-linux-x86_64-debian-clang