Last updated on 2024-05-04 09:49:32 CEST.
Flavor | Version | Tinstall | Tcheck | Ttotal | Status | Flags |
---|---|---|---|---|---|---|
r-devel-linux-x86_64-debian-clang | 0.1.0 | 42.28 | 99.47 | 141.75 | OK | |
r-devel-linux-x86_64-debian-gcc | 0.1.0 | 31.64 | 61.33 | 92.97 | OK | |
r-devel-linux-x86_64-fedora-clang | 0.1.0 | 187.34 | NOTE | |||
r-devel-linux-x86_64-fedora-gcc | 0.1.0 | 165.31 | NOTE | |||
r-devel-windows-x86_64 | 0.1.0 | 37.00 | 121.00 | 158.00 | OK | |
r-patched-linux-x86_64 | 0.1.0 | 44.11 | 80.66 | 124.77 | OK | |
r-release-linux-x86_64 | 0.1.0 | 40.25 | 79.54 | 119.79 | OK | |
r-release-macos-arm64 | 0.1.0 | 49.00 | OK | |||
r-release-windows-x86_64 | 0.1.0 | 32.00 | 119.00 | 151.00 | OK | |
r-oldrel-macos-arm64 | 0.1.0 | 60.00 | OK | |||
r-oldrel-macos-x86_64 | 0.1.0 | 90.00 | OK | |||
r-oldrel-windows-x86_64 | 0.1.0 | 44.00 | 131.00 | 175.00 | OK |
Version: 0.1.0
Check: dependencies in R code
Result: NOTE
Namespaces in Imports field not imported from:
‘Rdpack’ ‘grDevices’
All declared Imports should be used.
Flavors: r-devel-linux-x86_64-fedora-clang, r-devel-linux-x86_64-fedora-gcc