Last updated on 2025-11-27 11:49:58 CET.
| Flavor | Version | Tinstall | Tcheck | Ttotal | Status | Flags |
|---|---|---|---|---|---|---|
| r-devel-linux-x86_64-debian-clang | 1.2.3 | 3.92 | 38.19 | 42.11 | NOTE | |
| r-devel-linux-x86_64-debian-gcc | 1.2.3 | 3.47 | 36.13 | 39.60 | NOTE | |
| r-devel-linux-x86_64-fedora-clang | 1.2.3 | 11.00 | 48.43 | 59.43 | OK | |
| r-devel-linux-x86_64-fedora-gcc | 1.2.3 | 57.73 | OK | |||
| r-devel-windows-x86_64 | 1.2.3 | 8.00 | 49.00 | 57.00 | OK | |
| r-patched-linux-x86_64 | 1.2.3 | 3.45 | 29.17 | 32.62 | OK | |
| r-release-linux-x86_64 | 1.2.3 | 3.11 | 29.56 | 32.67 | OK | |
| r-release-macos-arm64 | 1.2.3 | OK | ||||
| r-release-macos-x86_64 | 1.2.3 | 6.00 | 43.00 | 49.00 | OK | |
| r-release-windows-x86_64 | 1.2.3 | 4.00 | 58.00 | 62.00 | OK | |
| r-oldrel-macos-arm64 | 1.2.3 | OK | ||||
| r-oldrel-macos-x86_64 | 1.2.3 | 3.00 | 29.00 | 32.00 | OK | |
| r-oldrel-windows-x86_64 | 1.2.3 | 4.00 | 54.00 | 58.00 | OK |
Version: 1.2.3
Check: CRAN incoming feasibility
Result: NOTE
Maintainer: ‘Pierre Lafaye De Micheaux <lafaye@unsw.edu.au>’
Package CITATION file contains call(s) to old-style personList() or
as.personList(). Please use c() on person objects instead.
Package CITATION file contains call(s) to old-style citEntry(). Please
use bibentry() instead.
Flavors: r-devel-linux-x86_64-debian-clang, r-devel-linux-x86_64-debian-gcc