Last updated on 2024-05-04 09:49:31 CEST.
Flavor | Version | Tinstall | Tcheck | Ttotal | Status | Flags |
---|---|---|---|---|---|---|
r-devel-linux-x86_64-debian-clang | 1.3.3 | 3.62 | 63.33 | 66.95 | NOTE | |
r-devel-linux-x86_64-debian-gcc | 1.3.3 | 2.98 | 62.49 | 65.47 | OK | |
r-devel-linux-x86_64-fedora-clang | 1.3.3 | 120.17 | OK | |||
r-devel-linux-x86_64-fedora-gcc | 1.3.3 | 119.23 | OK | |||
r-devel-windows-x86_64 | 1.3.3 | 5.00 | 80.00 | 85.00 | OK | |
r-patched-linux-x86_64 | 1.3.3 | 4.60 | 82.64 | 87.24 | OK | |
r-release-linux-x86_64 | 1.3.3 | 3.76 | 82.31 | 86.07 | OK | |
r-release-macos-arm64 | 1.3.3 | 36.00 | OK | |||
r-release-windows-x86_64 | 1.3.3 | 5.00 | 80.00 | 85.00 | OK | |
r-oldrel-macos-arm64 | 1.3.3 | 33.00 | NOTE | |||
r-oldrel-macos-x86_64 | 1.3.3 | 57.00 | NOTE | |||
r-oldrel-windows-x86_64 | 1.3.3 | 5.00 | 90.00 | 95.00 | OK |
Version: 1.3.3
Check: package dependencies
Result: NOTE
Package suggested but not available for checking: ‘xcms’
Flavors: r-devel-linux-x86_64-debian-clang, r-oldrel-macos-arm64, r-oldrel-macos-x86_64