Last updated on 2024-05-04 09:49:32 CEST.
Flavor | Version | Tinstall | Tcheck | Ttotal | Status | Flags |
---|---|---|---|---|---|---|
r-devel-linux-x86_64-debian-clang | 1.25.4 | 10.01 | 123.78 | 133.79 | NOTE | |
r-devel-linux-x86_64-debian-gcc | 1.25.4 | 7.21 | 89.17 | 96.38 | NOTE | |
r-devel-linux-x86_64-fedora-clang | 1.25.4 | 170.97 | NOTE | |||
r-devel-linux-x86_64-fedora-gcc | 1.25.4 | 179.17 | NOTE | |||
r-devel-windows-x86_64 | 1.25.4 | 12.00 | 158.00 | 170.00 | NOTE | |
r-patched-linux-x86_64 | 1.25.4 | 16.58 | 114.93 | 131.51 | NOTE | |
r-release-linux-x86_64 | 1.25.4 | 11.68 | 112.73 | 124.41 | NOTE | |
r-release-macos-arm64 | 1.25.4 | 50.00 | NOTE | |||
r-release-windows-x86_64 | 1.25.4 | 11.00 | 153.00 | 164.00 | NOTE | |
r-oldrel-macos-arm64 | 1.25.4 | 53.00 | OK | |||
r-oldrel-macos-x86_64 | 1.25.4 | 86.00 | NOTE | |||
r-oldrel-windows-x86_64 | 1.25.4 | 15.00 | 186.00 | 201.00 | OK |
Version: 1.25.4
Check: Rd files
Result: NOTE
checkRd: (-1) bestsetNoise.Rd:128-129: Lost braces
128 | \code{tcrit}{For each model, the minimum of the absolute values of
| ^
checkRd: (-1) bestsetNoise.Rd:130: Lost braces
130 | \code{regsubsets_obj}{The object returned by the call to \code{regsubsets}.}
| ^
checkRd: (-1) plotSimScat.Rd:30: Lost braces; missing escapes or markup?
30 | Specify \code{points} or {residuals}.
| ^
checkRd: (-1) print.sumry.glm.Rd:34: Lost braces; missing escapes or markup?
34 | \item{show.iter}{\code{NULL} or {integer}. If \code{NULL}, or if
| ^
Flavors: r-devel-linux-x86_64-debian-clang, r-devel-linux-x86_64-debian-gcc, r-devel-linux-x86_64-fedora-clang, r-devel-linux-x86_64-fedora-gcc, r-devel-windows-x86_64, r-patched-linux-x86_64, r-release-linux-x86_64, r-release-macos-arm64, r-release-windows-x86_64
Version: 1.25.4
Check: package dependencies
Result: NOTE
Package suggested but not available for checking: ‘lme4’
Flavor: r-oldrel-macos-x86_64