Last updated on 2024-05-04 09:49:33 CEST.
Flavor | Version | Tinstall | Tcheck | Ttotal | Status | Flags |
---|---|---|---|---|---|---|
r-devel-linux-x86_64-debian-clang | 0.33 | 6.97 | 49.55 | 56.52 | OK | |
r-devel-linux-x86_64-debian-gcc | 0.33 | 5.68 | 37.29 | 42.97 | OK | |
r-devel-linux-x86_64-fedora-clang | 0.33 | 71.30 | NOTE | |||
r-devel-linux-x86_64-fedora-gcc | 0.33 | 80.81 | OK | |||
r-devel-windows-x86_64 | 0.33 | 10.00 | 59.00 | 69.00 | NOTE | |
r-patched-linux-x86_64 | 0.33 | 11.14 | 46.49 | 57.63 | OK | |
r-release-linux-x86_64 | 0.33 | 7.26 | 46.92 | 54.18 | OK | |
r-release-macos-arm64 | 0.33 | 34.00 | NOTE | |||
r-release-macos-x86_64 | 0.33 | 100.00 | NOTE | |||
r-release-windows-x86_64 | 0.33 | 10.00 | 60.00 | 70.00 | NOTE | |
r-oldrel-macos-arm64 | 0.33 | 36.00 | NOTE | |||
r-oldrel-macos-x86_64 | 0.33 | 64.00 | NOTE | |||
r-oldrel-windows-x86_64 | 0.33 | 10.00 | 65.00 | 75.00 | NOTE |
Version: 0.33
Check: installed package size
Result: NOTE
installed size is 6.8Mb
sub-directories of 1Mb or more:
htmlwidgets 5.8Mb
Flavors: r-devel-linux-x86_64-fedora-clang, r-devel-windows-x86_64, r-release-macos-arm64, r-release-macos-x86_64, r-release-windows-x86_64, r-oldrel-macos-arm64, r-oldrel-macos-x86_64, r-oldrel-windows-x86_64