Last updated on 2024-05-04 09:49:33 CEST.
Flavor | Version | Tinstall | Tcheck | Ttotal | Status | Flags |
---|---|---|---|---|---|---|
r-devel-linux-x86_64-debian-clang | 1.0.5 | 1041.27 | 248.07 | 1289.34 | OK | |
r-devel-linux-x86_64-debian-gcc | 1.0.5 | 972.57 | 232.45 | 1205.02 | OK | |
r-devel-linux-x86_64-fedora-clang | 1.0.5 | 1468.65 | NOTE | |||
r-devel-linux-x86_64-fedora-gcc | 1.0.5 | 1145.89 | NOTE | |||
r-devel-windows-x86_64 | 1.0.5 | 724.00 | 257.00 | 981.00 | NOTE | |
r-patched-linux-x86_64 | 1.0.5 | 0.03 | 2.89 | 2.92 | ERROR | |
r-release-linux-x86_64 | 1.0.5 | 0.02 | 2.85 | 2.87 | ERROR | |
r-release-macos-arm64 | 1.0.5 | 375.00 | NOTE | |||
r-release-windows-x86_64 | 1.0.5 | 732.00 | 254.00 | 986.00 | NOTE | |
r-oldrel-macos-arm64 | 1.0.5 | 515.00 | NOTE | |||
r-oldrel-macos-x86_64 | 1.0.5 | 762.00 | NOTE | |||
r-oldrel-windows-x86_64 | 1.0.5 | 1002.00 | 325.00 | 1327.00 | NOTE |
Version: 1.0.5
Check: installed package size
Result: NOTE
installed size is 9.1Mb
sub-directories of 1Mb or more:
libs 8.0Mb
Flavors: r-devel-linux-x86_64-fedora-clang, r-devel-windows-x86_64, r-release-macos-arm64, r-release-windows-x86_64, r-oldrel-macos-arm64, r-oldrel-macos-x86_64, r-oldrel-windows-x86_64
Version: 1.0.5
Check: dependencies in R code
Result: NOTE
Namespaces in Imports field not imported from:
‘RcppParallel’ ‘rstantools’
All declared Imports should be used.
Flavors: r-devel-linux-x86_64-fedora-clang, r-devel-linux-x86_64-fedora-gcc
Version: 1.0.5
Check: for GNU extensions in Makefiles
Result: NOTE
GNU make is a SystemRequirements.
Flavors: r-devel-linux-x86_64-fedora-clang, r-devel-linux-x86_64-fedora-gcc, r-release-macos-arm64, r-oldrel-macos-arm64, r-oldrel-macos-x86_64
Version: 1.0.5
Check: whether package can be installed
Result: ERROR
Installation failed.
Flavors: r-patched-linux-x86_64, r-release-linux-x86_64