Last updated on 2024-05-02 10:48:42 CEST.
Flavor | Version | Tinstall | Tcheck | Ttotal | Status | Flags |
---|---|---|---|---|---|---|
r-devel-linux-x86_64-debian-clang | 0.1 | 3.00 | 35.52 | 38.52 | NOTE | |
r-devel-linux-x86_64-debian-gcc | 0.1 | 2.29 | 26.39 | 28.68 | NOTE | |
r-devel-linux-x86_64-fedora-clang | 0.1 | 48.99 | NOTE | |||
r-devel-linux-x86_64-fedora-gcc | 0.1 | 46.19 | NOTE | |||
r-devel-windows-x86_64 | 0.1 | 3.00 | 47.00 | 50.00 | NOTE | |
r-patched-linux-x86_64 | 0.1 | 2.40 | 33.02 | 35.42 | NOTE | |
r-release-linux-x86_64 | 0.1 | 1.85 | 34.42 | 36.27 | NOTE | |
r-release-macos-arm64 | 0.1 | 15.00 | NOTE | |||
r-release-windows-x86_64 | 0.1 | 4.00 | 47.00 | 51.00 | NOTE | |
r-oldrel-macos-arm64 | 0.1 | 17.00 | NOTE | |||
r-oldrel-macos-x86_64 | 0.1 | 26.00 | NOTE | |||
r-oldrel-windows-x86_64 | 0.1 | 3.00 | 50.00 | 53.00 | NOTE |
Version: 0.1
Check: LazyData
Result: NOTE
'LazyData' is specified without a 'data' directory
Flavors: r-devel-linux-x86_64-debian-clang, r-devel-linux-x86_64-debian-gcc, r-devel-linux-x86_64-fedora-clang, r-devel-linux-x86_64-fedora-gcc, r-devel-windows-x86_64, r-patched-linux-x86_64, r-release-linux-x86_64, r-release-macos-arm64, r-release-windows-x86_64, r-oldrel-macos-arm64, r-oldrel-macos-x86_64, r-oldrel-windows-x86_64