Last updated on 2024-05-02 10:48:44 CEST.
Flavor | Version | Tinstall | Tcheck | Ttotal | Status | Flags |
---|---|---|---|---|---|---|
r-devel-linux-x86_64-debian-clang | 1.5.5 | 6.56 | 53.11 | 59.67 | OK | |
r-devel-linux-x86_64-debian-gcc | 1.5.5 | 4.93 | 39.09 | 44.02 | OK | |
r-devel-linux-x86_64-fedora-clang | 1.5.5 | 73.86 | NOTE | |||
r-devel-linux-x86_64-fedora-gcc | 1.5.5 | 81.79 | OK | |||
r-devel-windows-x86_64 | 1.5.5 | 7.00 | 64.00 | 71.00 | OK | |
r-patched-linux-x86_64 | 1.5.5 | 7.94 | 49.22 | 57.16 | OK | |
r-release-linux-x86_64 | 1.5.5 | 7.08 | 49.47 | 56.55 | OK | |
r-release-macos-arm64 | 1.5.5 | 30.00 | OK | |||
r-release-macos-x86_64 | 1.5.5 | 78.00 | OK | |||
r-release-windows-x86_64 | 1.5.5 | 7.00 | 64.00 | 71.00 | OK | |
r-oldrel-macos-arm64 | 1.5.5 | 42.00 | OK | |||
r-oldrel-macos-x86_64 | 1.5.5 | 78.00 | OK | |||
r-oldrel-windows-x86_64 | 1.5.5 | 8.00 | 69.00 | 77.00 | OK |
Version: 1.5.5
Check: Rd cross-references
Result: NOTE
Undeclared package ‘mmap’ in Rd xrefs
Flavor: r-devel-linux-x86_64-fedora-clang