Last updated on 2024-05-04 09:49:37 CEST.
Flavor | Version | Tinstall | Tcheck | Ttotal | Status | Flags |
---|---|---|---|---|---|---|
r-devel-linux-x86_64-debian-clang | 0.5.1 | 11.36 | 105.40 | 116.76 | NOTE | |
r-devel-linux-x86_64-debian-gcc | 0.5.1 | 8.14 | 77.61 | 85.75 | NOTE | |
r-devel-linux-x86_64-fedora-clang | 0.5.1 | 152.42 | NOTE | |||
r-devel-linux-x86_64-fedora-gcc | 0.5.1 | 144.48 | NOTE | |||
r-devel-windows-x86_64 | 0.5.1 | 10.00 | 88.00 | 98.00 | NOTE | |
r-patched-linux-x86_64 | 0.5.1 | 10.93 | 99.75 | 110.68 | NOTE | |
r-release-linux-x86_64 | 0.5.1 | 9.86 | 98.71 | 108.57 | NOTE | |
r-release-macos-arm64 | 0.5.1 | 42.00 | NOTE | |||
r-release-windows-x86_64 | 0.5.1 | 10.00 | 86.00 | 96.00 | NOTE | |
r-oldrel-macos-arm64 | 0.5.1 | 54.00 | NOTE | |||
r-oldrel-macos-x86_64 | 0.5.1 | 83.00 | NOTE | |||
r-oldrel-windows-x86_64 | 0.5.1 | 11.00 | 114.00 | 125.00 | NOTE |
Version: 0.5.1
Check: LazyData
Result: NOTE
'LazyData' is specified without a 'data' directory
Flavors: r-devel-linux-x86_64-debian-clang, r-devel-linux-x86_64-debian-gcc, r-devel-linux-x86_64-fedora-clang, r-devel-linux-x86_64-fedora-gcc, r-devel-windows-x86_64, r-patched-linux-x86_64, r-release-linux-x86_64, r-release-macos-arm64, r-release-windows-x86_64, r-oldrel-macos-arm64, r-oldrel-macos-x86_64, r-oldrel-windows-x86_64
Version: 0.5.1
Check: package dependencies
Result: NOTE
Package suggested but not available for checking: ‘LTRCtrees’
Flavor: r-oldrel-macos-x86_64
Version: 0.5.1
Check: Rd cross-references
Result: NOTE
Package unavailable to check Rd xrefs: ‘LTRCtrees’
Flavor: r-oldrel-macos-x86_64