Last updated on 2024-05-04 09:49:38 CEST.
Flavor | Version | Tinstall | Tcheck | Ttotal | Status | Flags |
---|---|---|---|---|---|---|
r-devel-linux-x86_64-debian-clang | 1.1.8 | 13.32 | 195.74 | 209.06 | OK | |
r-devel-linux-x86_64-debian-gcc | 1.1.8 | 12.29 | 140.59 | 152.88 | OK | |
r-devel-linux-x86_64-fedora-clang | 1.1.8 | 267.17 | NOTE | |||
r-devel-linux-x86_64-fedora-gcc | 1.1.8 | 253.80 | NOTE | |||
r-devel-windows-x86_64 | 1.1.8 | 13.00 | 147.00 | 160.00 | OK | |
r-patched-linux-x86_64 | 1.1.8 | 17.59 | 180.48 | 198.07 | OK | |
r-release-linux-x86_64 | 1.1.8 | 13.64 | 182.51 | 196.15 | OK | |
r-release-macos-arm64 | 1.1.8 | 65.00 | OK | |||
r-release-windows-x86_64 | 1.1.8 | 14.00 | 141.00 | 155.00 | OK | |
r-oldrel-macos-arm64 | 1.1.8 | 72.00 | OK | |||
r-oldrel-macos-x86_64 | 1.1.8 | 126.00 | OK | |||
r-oldrel-windows-x86_64 | 1.1.8 | 16.00 | 181.00 | 197.00 | OK |
Version: 1.1.8
Check: dependencies in R code
Result: NOTE
Namespaces in Imports field not imported from:
‘Matrix’ ‘expm’
All declared Imports should be used.
Flavors: r-devel-linux-x86_64-fedora-clang, r-devel-linux-x86_64-fedora-gcc