Last updated on 2024-05-04 09:49:39 CEST.
Flavor | Version | Tinstall | Tcheck | Ttotal | Status | Flags |
---|---|---|---|---|---|---|
r-devel-linux-x86_64-debian-clang | 1.3-1 | 43.95 | 31.94 | 75.89 | NOTE | |
r-devel-linux-x86_64-debian-gcc | 1.3-1 | 31.41 | 23.54 | 54.95 | NOTE | |
r-devel-linux-x86_64-fedora-clang | 1.3-1 | 98.83 | NOTE | |||
r-devel-linux-x86_64-fedora-gcc | 1.3-1 | 98.34 | NOTE | |||
r-devel-windows-x86_64 | 1.3-1 | 31.00 | 64.00 | 95.00 | NOTE | |
r-patched-linux-x86_64 | 1.3-1 | 35.22 | 29.47 | 64.69 | NOTE | |
r-release-linux-x86_64 | 1.3-1 | 38.20 | 30.57 | 68.77 | NOTE | |
r-release-macos-arm64 | 1.3-1 | 28.00 | NOTE | |||
r-release-windows-x86_64 | 1.3-1 | 31.00 | 68.00 | 99.00 | NOTE | |
r-oldrel-macos-arm64 | 1.3-1 | 27.00 | NOTE | |||
r-oldrel-macos-x86_64 | 1.3-1 | 44.00 | NOTE | |||
r-oldrel-windows-x86_64 | 1.3-1 | 37.00 | 75.00 | 112.00 | NOTE |
Version: 1.3-1
Check: C++ specification
Result: NOTE
Specified C++11: please drop specification unless essential
Flavors: r-devel-linux-x86_64-debian-clang, r-devel-linux-x86_64-debian-gcc, r-devel-linux-x86_64-fedora-clang, r-devel-linux-x86_64-fedora-gcc, r-devel-windows-x86_64, r-patched-linux-x86_64, r-release-linux-x86_64, r-release-macos-arm64, r-release-windows-x86_64, r-oldrel-macos-arm64, r-oldrel-macos-x86_64, r-oldrel-windows-x86_64
Version: 1.3-1
Check: Rd files
Result: NOTE
checkRd: (-1) cauchypoly.Rd:39: Escaped LaTeX specials: \_ \_ \_
checkRd: (-1) cauchypoly.Rd:40: Escaped LaTeX specials: \_
checkRd: (-1) normpoly.Rd:38: Escaped LaTeX specials: \_ \_ \_
checkRd: (-1) normpoly.Rd:39: Escaped LaTeX specials: \_
Flavors: r-devel-linux-x86_64-debian-clang, r-devel-linux-x86_64-debian-gcc, r-devel-linux-x86_64-fedora-clang, r-devel-linux-x86_64-fedora-gcc, r-devel-windows-x86_64, r-patched-linux-x86_64, r-release-linux-x86_64, r-release-macos-arm64, r-release-windows-x86_64, r-oldrel-macos-arm64, r-oldrel-macos-x86_64, r-oldrel-windows-x86_64