Last updated on 2024-05-04 09:49:41 CEST.
Flavor | Version | Tinstall | Tcheck | Ttotal | Status | Flags |
---|---|---|---|---|---|---|
r-devel-linux-x86_64-debian-clang | 1.9 | 13.51 | 126.45 | 139.96 | NOTE | |
r-devel-linux-x86_64-debian-gcc | 1.9 | 9.29 | 87.52 | 96.81 | OK | |
r-devel-linux-x86_64-fedora-clang | 1.9 | 175.42 | NOTE | |||
r-devel-linux-x86_64-fedora-gcc | 1.9 | 173.08 | OK | |||
r-devel-windows-x86_64 | 1.9 | 12.00 | 109.00 | 121.00 | OK | |
r-patched-linux-x86_64 | 1.9 | 10.76 | 115.33 | 126.09 | OK | |
r-release-linux-x86_64 | 1.9 | 12.98 | 115.31 | 128.29 | OK | |
r-release-macos-arm64 | 1.9 | 44.00 | OK | |||
r-release-macos-x86_64 | 1.9 | 87.00 | OK | |||
r-release-windows-x86_64 | 1.9 | 12.00 | 108.00 | 120.00 | OK | |
r-oldrel-macos-arm64 | 1.9 | 51.00 | OK | |||
r-oldrel-macos-x86_64 | 1.9 | 88.00 | NOTE | |||
r-oldrel-windows-x86_64 | 1.9 | 15.00 | 128.00 | 143.00 | OK |
Version: 1.9
Check: Rd cross-references
Result: NOTE
Package unavailable to check Rd xrefs: ‘genefilter’
Flavors: r-devel-linux-x86_64-debian-clang, r-oldrel-macos-x86_64
Version: 1.9
Check: Rd cross-references
Result: NOTE
Undeclared packages ‘rms’, ‘Hmisc’, ‘genefilter’ in Rd xrefs
Flavor: r-devel-linux-x86_64-fedora-clang