Last updated on 2024-05-04 09:49:40 CEST.
Flavor | Version | Tinstall | Tcheck | Ttotal | Status | Flags |
---|---|---|---|---|---|---|
r-devel-linux-x86_64-debian-clang | 1.4.5 | 23.83 | 184.70 | 208.53 | NOTE | |
r-devel-linux-x86_64-debian-gcc | 1.4.5 | 17.00 | 145.93 | 162.93 | OK | |
r-devel-linux-x86_64-fedora-clang | 1.4.5 | 295.12 | OK | |||
r-devel-linux-x86_64-fedora-gcc | 1.4.5 | 263.51 | OK | |||
r-devel-windows-x86_64 | 1.4.5 | 18.00 | 150.00 | 168.00 | OK | |
r-patched-linux-x86_64 | 1.4.5 | 13.40 | 187.10 | 200.50 | OK | |
r-release-linux-x86_64 | 1.4.5 | 13.08 | 189.00 | 202.08 | OK | |
r-release-macos-arm64 | 1.4.5 | 75.00 | OK | |||
r-release-macos-x86_64 | 1.4.5 | 174.00 | OK | |||
r-release-windows-x86_64 | 1.4.5 | 18.00 | 150.00 | 168.00 | OK | |
r-oldrel-macos-arm64 | 1.4.5 | 87.00 | NOTE | |||
r-oldrel-macos-x86_64 | 1.4.5 | 161.00 | NOTE | |||
r-oldrel-windows-x86_64 | 1.4.5 | 25.00 | 194.00 | 219.00 | OK |
Version: 1.4.5
Check: package dependencies
Result: NOTE
Packages suggested but not available for checking: 'ropls', 'xcms'
Flavors: r-devel-linux-x86_64-debian-clang, r-oldrel-macos-arm64, r-oldrel-macos-x86_64