Last updated on 2024-05-04 09:49:42 CEST.
Flavor | Version | Tinstall | Tcheck | Ttotal | Status | Flags |
---|---|---|---|---|---|---|
r-devel-linux-x86_64-debian-clang | 1.0.4 | 3.79 | 238.17 | 241.96 | OK | |
r-devel-linux-x86_64-debian-gcc | 1.0.4 | 2.92 | 159.70 | 162.62 | OK | |
r-devel-linux-x86_64-fedora-clang | 1.0.4 | 294.26 | OK | |||
r-devel-linux-x86_64-fedora-gcc | 1.0.4 | 303.49 | OK | |||
r-devel-windows-x86_64 | 1.0.4 | 4.00 | 159.00 | 163.00 | OK | |
r-patched-linux-x86_64 | 1.0.4 | 3.97 | 223.32 | 227.29 | OK | |
r-release-linux-x86_64 | 1.0.4 | 3.36 | 225.29 | 228.65 | OK | |
r-release-macos-arm64 | 1.0.4 | 75.00 | OK | |||
r-release-macos-x86_64 | 1.0.4 | 154.00 | OK | |||
r-release-windows-x86_64 | 1.0.4 | 4.00 | 148.00 | 152.00 | OK | |
r-oldrel-macos-arm64 | 1.0.4 | 32.00 | ERROR | |||
r-oldrel-macos-x86_64 | 1.0.4 | 65.00 | ERROR | |||
r-oldrel-windows-x86_64 | 1.0.4 | 4.00 | 188.00 | 192.00 | OK |
Version: 1.0.4
Check: examples
Result: ERROR
Running examples in ‘NMRphasing-Ex.R’ failed
The error most likely occurred in:
> ### Name: MPC_AAM
> ### Title: MPC_AAM
> ### Aliases: MPC_AAM
>
> ### ** Examples
>
> data("fdat")
> mpc_aam_phased1 <- MPC_AAM(fdat$frequency_domain)
Error in localMaximumSlidingWindow(x, winSize) :
DLL requires the use of native symbols
Calls: MPC_AAM ... getLocalMaximumCWT -> localMaximum -> localMaximumSlidingWindow
Execution halted
Flavors: r-oldrel-macos-arm64, r-oldrel-macos-x86_64
Version: 1.0.4
Check: re-building of vignette outputs
Result: ERROR
Error(s) in re-building vignettes:
...
--- re-building ‘NMRphasing_vignette.rmd’ using rmarkdown
Quitting from lines 82-92 [unnamed-chunk-5] (NMRphasing_vignette.rmd)
Error: processing vignette 'NMRphasing_vignette.rmd' failed with diagnostics:
DLL requires the use of native symbols
--- failed re-building ‘NMRphasing_vignette.rmd’
SUMMARY: processing the following file failed:
‘NMRphasing_vignette.rmd’
Error: Vignette re-building failed.
Execution halted
Flavors: r-oldrel-macos-arm64, r-oldrel-macos-x86_64