Last updated on 2024-05-04 09:49:42 CEST.
Flavor | Version | Tinstall | Tcheck | Ttotal | Status | Flags |
---|---|---|---|---|---|---|
r-devel-linux-x86_64-debian-clang | 1.1.3 | 14.12 | 98.32 | 112.44 | NOTE | |
r-devel-linux-x86_64-debian-gcc | 1.1.3 | 8.45 | 68.81 | 77.26 | NOTE | |
r-devel-linux-x86_64-fedora-clang | 1.1.3 | 134.03 | NOTE | |||
r-devel-linux-x86_64-fedora-gcc | 1.1.3 | 135.27 | NOTE | |||
r-devel-windows-x86_64 | 1.1.3 | 10.00 | 90.00 | 100.00 | NOTE | |
r-patched-linux-x86_64 | 1.1.3 | 8.90 | 90.17 | 99.07 | NOTE | |
r-release-linux-x86_64 | 1.1.3 | 13.05 | 90.45 | 103.50 | NOTE | |
r-release-macos-arm64 | 1.1.3 | 35.00 | NOTE | |||
r-release-windows-x86_64 | 1.1.3 | 10.00 | 88.00 | 98.00 | NOTE | |
r-oldrel-macos-arm64 | 1.1.3 | 35.00 | OK | |||
r-oldrel-macos-x86_64 | 1.1.3 | 108.00 | OK | |||
r-oldrel-windows-x86_64 | 1.1.3 | 13.00 | 106.00 | 119.00 | OK |
Version: 1.1.3
Check: Rd files
Result: NOTE
checkRd: (-1) MSM.fit.Rd:21: Lost braces
21 | \code{MSM.fit} returns an object of class code{MSM.lm} or \code{MSM.glm}, depending on the input model.
| ^
checkRd: (-1) SMC.Smooth.Rd:25: Lost braces; missing escapes or markup?
25 | observation at current time step. It should return {xx} (the samples xt) and
| ^
checkRd: (-1) SMC.Smooth.Rd:26: Lost braces; missing escapes or markup?
26 | {logww} (their corresponding log weight).}
| ^
Flavors: r-devel-linux-x86_64-debian-clang, r-devel-linux-x86_64-debian-gcc, r-devel-linux-x86_64-fedora-clang, r-devel-linux-x86_64-fedora-gcc, r-devel-windows-x86_64, r-patched-linux-x86_64, r-release-linux-x86_64, r-release-macos-arm64, r-release-windows-x86_64
Version: 1.1.3
Check: dependencies in R code
Result: NOTE
Namespaces in Imports field not imported from:
‘MASS’ ‘Rdpack’ ‘base’ ‘graphics’ ‘parallel’
All declared Imports should be used.
Flavors: r-devel-linux-x86_64-fedora-clang, r-devel-linux-x86_64-fedora-gcc