Last updated on 2024-05-04 09:49:43 CEST.
Flavor | Version | Tinstall | Tcheck | Ttotal | Status | Flags |
---|---|---|---|---|---|---|
r-devel-linux-x86_64-debian-clang | 1.0.0 | 1.95 | 20.45 | 22.40 | NOTE | |
r-devel-linux-x86_64-debian-gcc | 1.0.0 | 1.59 | 15.74 | 17.33 | NOTE | |
r-devel-linux-x86_64-fedora-clang | 1.0.0 | 28.27 | NOTE | |||
r-devel-linux-x86_64-fedora-gcc | 1.0.0 | 28.27 | NOTE | |||
r-devel-windows-x86_64 | 1.0.0 | 2.00 | 36.00 | 38.00 | NOTE | |
r-patched-linux-x86_64 | 1.0.0 | 2.01 | 20.21 | 22.22 | NOTE | |
r-release-linux-x86_64 | 1.0.0 | 1.46 | 19.37 | 20.83 | NOTE | |
r-release-macos-arm64 | 1.0.0 | 13.00 | NOTE | |||
r-release-windows-x86_64 | 1.0.0 | 3.00 | 35.00 | 38.00 | NOTE | |
r-oldrel-macos-arm64 | 1.0.0 | 14.00 | NOTE | |||
r-oldrel-macos-x86_64 | 1.0.0 | 17.00 | NOTE | |||
r-oldrel-windows-x86_64 | 1.0.0 | 3.00 | 35.00 | 38.00 | NOTE |
Version: 1.0.0
Check: Rd files
Result: NOTE
checkRd: (-1) OBMb.Rd:28: Lost braces in \itemize; \value handles \item{}{} directly
checkRd: (-1) OBMb.Rd:29: Lost braces in \itemize; \value handles \item{}{} directly
checkRd: (-1) OBMb.Rd:30: Lost braces in \itemize; \value handles \item{}{} directly
checkRd: (-1) OBMb.Rd:31: Lost braces in \itemize; \value handles \item{}{} directly
checkRd: (-1) OBMb.Rd:32: Lost braces in \itemize; \value handles \item{}{} directly
checkRd: (-1) OBMb.Rd:33: Lost braces in \itemize; \value handles \item{}{} directly
Flavors: r-devel-linux-x86_64-debian-clang, r-devel-linux-x86_64-debian-gcc, r-devel-linux-x86_64-fedora-clang, r-devel-linux-x86_64-fedora-gcc, r-devel-windows-x86_64, r-patched-linux-x86_64, r-release-linux-x86_64, r-release-macos-arm64, r-release-windows-x86_64
Version: 1.0.0
Check: LazyData
Result: NOTE
'LazyData' is specified without a 'data' directory
Flavors: r-devel-linux-x86_64-debian-clang, r-devel-linux-x86_64-debian-gcc, r-devel-linux-x86_64-fedora-clang, r-devel-linux-x86_64-fedora-gcc, r-devel-windows-x86_64, r-patched-linux-x86_64, r-release-linux-x86_64, r-release-macos-arm64, r-release-windows-x86_64, r-oldrel-macos-arm64, r-oldrel-macos-x86_64, r-oldrel-windows-x86_64