Last updated on 2024-05-04 09:49:43 CEST.
Flavor | Version | Tinstall | Tcheck | Ttotal | Status | Flags |
---|---|---|---|---|---|---|
r-devel-linux-x86_64-debian-clang | 1.0.0 | 0.58 | 2.40 | 2.98 | ERROR | |
r-devel-linux-x86_64-debian-gcc | 1.0.0 | 33.53 | 351.82 | 385.35 | OK | |
r-devel-linux-x86_64-fedora-clang | 1.0.0 | 711.25 | OK | |||
r-devel-linux-x86_64-fedora-gcc | 1.0.0 | 644.66 | OK | |||
r-devel-windows-x86_64 | 1.0.0 | 35.00 | 326.00 | 361.00 | OK | |
r-patched-linux-x86_64 | 1.0.0 | 26.90 | 445.91 | 472.81 | OK | |
r-release-linux-x86_64 | 1.0.0 | 28.55 | 443.05 | 471.60 | OK | |
r-release-macos-arm64 | 1.0.0 | 192.00 | OK | |||
r-release-macos-x86_64 | 1.0.0 | 510.00 | OK | |||
r-release-windows-x86_64 | 1.0.0 | 38.00 | 327.00 | 365.00 | OK | |
r-oldrel-macos-arm64 | 1.0.0 | 182.00 | OK | |||
r-oldrel-macos-x86_64 | 1.0.0 | 466.00 | OK | |||
r-oldrel-windows-x86_64 | 1.0.0 | 48.00 | 438.00 | 486.00 | OK |
Version: 1.0.0
Check: package dependencies
Result: ERROR
Package required but not available: ‘SummarizedExperiment’
See section ‘The DESCRIPTION file’ in the ‘Writing R Extensions’
manual.
Flavor: r-devel-linux-x86_64-debian-clang