CRAN Package Check Results for Package PBSddesolve

Last updated on 2025-11-15 11:50:52 CET.

Flavor Version Tinstall Tcheck Ttotal Status Flags
r-devel-linux-x86_64-debian-clang 1.13.4 3.02 25.48 28.50 WARN
r-devel-linux-x86_64-debian-gcc 1.13.4 2.84 21.39 24.23 WARN
r-devel-linux-x86_64-fedora-clang 1.13.4 33.43 WARN
r-devel-linux-x86_64-fedora-gcc 1.13.7 12.00 43.22 55.22 OK
r-devel-windows-x86_64 1.13.4 11.00 53.00 64.00 WARN
r-patched-linux-x86_64 1.13.4 3.07 24.58 27.65 NOTE
r-release-linux-x86_64 1.13.4 3.28 24.61 27.89 NOTE
r-release-macos-arm64 1.13.4 3.00 22.00 25.00 NOTE
r-release-macos-x86_64 1.13.7 13.00 92.00 105.00 OK
r-release-windows-x86_64 1.13.4 10.00 53.00 63.00 NOTE
r-oldrel-macos-arm64 1.13.4 3.00 20.00 23.00 OK
r-oldrel-macos-x86_64 1.13.7 5.00 16.00 21.00 ERROR
r-oldrel-windows-x86_64 1.13.4 9.00 56.00 65.00 OK

Check Details

Version: 1.13.4
Check: compiled code
Result: WARN File ‘PBSddesolve/libs/PBSddesolve.so’: Found non-API call to R: ‘FORMALS’ This entry point may be removed soon. Compiled code should not call non-API entry points in R. See ‘Writing portable packages’ in the ‘Writing R Extensions’ manual, and section ‘Moving into C API compliance’ for issues with the use of non-API entry points. Flavors: r-devel-linux-x86_64-debian-clang, r-devel-linux-x86_64-debian-gcc, r-devel-linux-x86_64-fedora-clang

Version: 1.13.4
Check: compiled code
Result: WARN File 'PBSddesolve/libs/x64/PBSddesolve.dll': Found non-API call to R: 'FORMALS' This entry point may be removed soon. Compiled code should not call non-API entry points in R. See 'Writing portable packages' in the 'Writing R Extensions' manual, and section 'Moving into C API compliance' for issues with the use of non-API entry points. Flavor: r-devel-windows-x86_64

Version: 1.13.4
Check: compiled code
Result: NOTE File ‘PBSddesolve/libs/PBSddesolve.so’: Found non-API call to R: ‘FORMALS’ Compiled code should not call non-API entry points in R. See ‘Writing portable packages’ in the ‘Writing R Extensions’ manual, and section ‘Moving into C API compliance’ for issues with the use of non-API entry points. Flavors: r-patched-linux-x86_64, r-release-linux-x86_64, r-release-macos-arm64

Version: 1.13.4
Check: compiled code
Result: NOTE File 'PBSddesolve/libs/x64/PBSddesolve.dll': Found non-API call to R: 'FORMALS' Compiled code should not call non-API entry points in R. See 'Writing portable packages' in the 'Writing R Extensions' manual, and section 'Moving into C API compliance' for issues with the use of non-API entry points. Flavor: r-release-windows-x86_64

Version: 1.13.7
Check: whether package can be installed
Result: ERROR Installation failed. Flavor: r-oldrel-macos-x86_64