Last updated on 2025-10-26 10:50:00 CET.
| Flavor | Version | Tinstall | Tcheck | Ttotal | Status | Flags |
|---|---|---|---|---|---|---|
| r-devel-linux-x86_64-debian-clang | 1.0.0 | 5.52 | 58.92 | 64.44 | NOTE | |
| r-devel-linux-x86_64-debian-gcc | 1.0.0 | 4.31 | 42.70 | 47.01 | NOTE | |
| r-devel-linux-x86_64-fedora-clang | 1.0.0 | 17.00 | 86.68 | 103.68 | OK | |
| r-devel-linux-x86_64-fedora-gcc | 1.0.0 | 17.00 | 78.04 | 95.04 | OK | |
| r-devel-windows-x86_64 | 1.0.0 | 8.00 | 67.00 | 75.00 | OK | |
| r-patched-linux-x86_64 | 1.0.0 | 5.84 | 55.29 | 61.13 | OK | |
| r-release-linux-x86_64 | 1.0.0 | 5.12 | 56.17 | 61.29 | OK | |
| r-release-macos-arm64 | 1.0.0 | 3.00 | 24.00 | 27.00 | OK | |
| r-release-macos-x86_64 | 1.0.0 | 5.00 | 37.00 | 42.00 | OK | |
| r-release-windows-x86_64 | 1.0.0 | 8.00 | 67.00 | 75.00 | OK | |
| r-oldrel-macos-arm64 | 1.0.0 | 3.00 | 23.00 | 26.00 | OK | |
| r-oldrel-macos-x86_64 | 1.0.0 | 4.00 | 32.00 | 36.00 | OK | |
| r-oldrel-windows-x86_64 | 1.0.0 | 10.00 | 92.00 | 102.00 | OK |
Version: 1.0.0
Check: CRAN incoming feasibility
Result: NOTE
Maintainer: ‘Joaquin Bienvenido Ordieres Mere <j.ordieres@upm.es>’
No Authors@R field in DESCRIPTION.
Please add one, modifying
Authors@R: c(person(given = c("Javier", "Celigueta"),
family = "Mu<b1>oz",
role = "aut",
email = "b1"),
person(given = c("Joaquin", "Bienvenido", "Ordieres"),
family = "Mere",
role = "cre",
email = "j.ordieres@upm.es"))
as necessary.
Flavors: r-devel-linux-x86_64-debian-clang, r-devel-linux-x86_64-debian-gcc