Last updated on 2025-10-27 09:50:42 CET.
| Flavor | Version | Tinstall | Tcheck | Ttotal | Status | Flags |
|---|---|---|---|---|---|---|
| r-devel-linux-x86_64-debian-clang | 1.0.1 | 6.24 | 302.12 | 308.36 | NOTE | |
| r-devel-linux-x86_64-debian-gcc | 1.0.1 | 4.49 | 148.24 | 152.73 | NOTE | |
| r-devel-linux-x86_64-fedora-clang | 1.0.1 | 18.00 | 509.82 | 527.82 | OK | |
| r-devel-linux-x86_64-fedora-gcc | 1.0.1 | 12.00 | 512.45 | 524.45 | OK | |
| r-devel-windows-x86_64 | 1.0.1 | 7.00 | 197.00 | 204.00 | OK | |
| r-patched-linux-x86_64 | 1.0.1 | 6.70 | 259.03 | 265.73 | OK | |
| r-release-linux-x86_64 | 1.0.1 | 5.96 | 256.61 | 262.57 | OK | |
| r-release-macos-arm64 | 1.0.1 | 3.00 | 89.00 | 92.00 | OK | |
| r-release-macos-x86_64 | 1.0.1 | 6.00 | 231.00 | 237.00 | OK | |
| r-release-windows-x86_64 | 1.0.1 | 7.00 | 197.00 | 204.00 | OK | |
| r-oldrel-macos-arm64 | 1.0.1 | 3.00 | 93.00 | 96.00 | OK | |
| r-oldrel-macos-x86_64 | 1.0.1 | 7.00 | 170.00 | 177.00 | OK | |
| r-oldrel-windows-x86_64 | 1.0.1 | 8.00 | 267.00 | 275.00 | OK |
Version: 1.0.1
Check: CRAN incoming feasibility
Result: NOTE
Maintainer: ‘Roeland E. Voorrips <roeland.voorrips@wur.nl>’
No Authors@R field in DESCRIPTION.
Please add one, modifying
Authors@R: person(given = c("Roeland", "E."),
family = "Voorrips",
role = c("aut", "cre"),
email = "roeland.voorrips@wur.nl")
as necessary.
Flavors: r-devel-linux-x86_64-debian-clang, r-devel-linux-x86_64-debian-gcc