Last updated on 2024-05-04 09:49:45 CEST.
Flavor | Version | Tinstall | Tcheck | Ttotal | Status | Flags |
---|---|---|---|---|---|---|
r-devel-linux-x86_64-debian-clang | 1.4 | 0.77 | 2.56 | 3.33 | ERROR | |
r-devel-linux-x86_64-debian-gcc | 1.4 | 155.43 | 517.63 | 673.06 | OK | |
r-devel-linux-x86_64-fedora-clang | 1.4 | 1327.32 | NOTE | |||
r-devel-linux-x86_64-fedora-gcc | 1.4 | 1275.04 | NOTE | |||
r-devel-windows-x86_64 | 1.4 | 163.00 | 508.00 | 671.00 | OK | |
r-patched-linux-x86_64 | 1.4 | 202.84 | 654.26 | 857.10 | OK | |
r-release-linux-x86_64 | 1.4 | 186.23 | 664.61 | 850.84 | OK | |
r-release-macos-arm64 | 1.4 | 4.00 | ERROR | |||
r-release-macos-x86_64 | 1.4 | 291.00 | NOTE | |||
r-release-windows-x86_64 | 1.4 | 161.00 | 476.00 | 637.00 | OK | |
r-oldrel-macos-arm64 | 1.4 | 191.00 | NOTE | |||
r-oldrel-macos-x86_64 | 1.4 | 5.00 | ERROR | |||
r-oldrel-windows-x86_64 | 1.4 | 153.00 | 660.00 | 813.00 | OK |
Version: 1.4
Check: package dependencies
Result: ERROR
Packages required but not available:
'AnnotationDbi', 'PRECAST', 'biomaRt', 'org.Hs.eg.db', 'org.Mm.eg.db'
Package suggested but not available for checking: ‘scater’
See section ‘The DESCRIPTION file’ in the ‘Writing R Extensions’
manual.
Flavor: r-devel-linux-x86_64-debian-clang
Version: 1.4
Check: dependencies in R code
Result: NOTE
Namespace in Imports field not imported from: ‘Rcpp’
All declared Imports should be used.
Flavors: r-devel-linux-x86_64-fedora-clang, r-devel-linux-x86_64-fedora-gcc
Version: 1.4
Check: package dependencies
Result: ERROR
Package required but not available: ‘org.Mm.eg.db’
See section ‘The DESCRIPTION file’ in the ‘Writing R Extensions’
manual.
Flavors: r-release-macos-arm64, r-oldrel-macos-x86_64
Version: 1.4
Check: installed package size
Result: NOTE
installed size is 15.9Mb
sub-directories of 1Mb or more:
data 2.2Mb
libs 13.1Mb
Flavors: r-release-macos-x86_64, r-oldrel-macos-arm64