Last updated on 2024-05-04 09:49:47 CEST.
Flavor | Version | Tinstall | Tcheck | Ttotal | Status | Flags |
---|---|---|---|---|---|---|
r-devel-linux-x86_64-debian-clang | 1.0.0 | 5.51 | 87.43 | 92.94 | OK | |
r-devel-linux-x86_64-debian-gcc | 1.0.0 | 3.74 | 55.18 | 58.92 | OK | |
r-devel-linux-x86_64-fedora-clang | 1.0.0 | 109.23 | NOTE | |||
r-devel-linux-x86_64-fedora-gcc | 1.0.0 | 101.40 | OK | |||
r-devel-windows-x86_64 | 1.0.0 | 7.00 | 76.00 | 83.00 | OK | |
r-patched-linux-x86_64 | 1.0.0 | 3.39 | 80.90 | 84.29 | OK | |
r-release-linux-x86_64 | 1.0.0 | 3.79 | 80.85 | 84.64 | OK | |
r-release-macos-arm64 | 1.0.0 | 30.00 | OK | |||
r-release-macos-x86_64 | 1.0.0 | 88.00 | OK | |||
r-release-windows-x86_64 | 1.0.0 | 7.00 | 74.00 | 81.00 | OK | |
r-oldrel-macos-arm64 | 1.0.0 | 32.00 | OK | |||
r-oldrel-macos-x86_64 | 1.0.0 | 75.00 | OK | |||
r-oldrel-windows-x86_64 | 1.0.0 | 7.00 | 85.00 | 92.00 | OK |
Version: 1.0.0
Check: installed package size
Result: NOTE
installed size is 5.0Mb
sub-directories of 1Mb or more:
libs 4.8Mb
Flavor: r-devel-linux-x86_64-fedora-clang