Last updated on 2024-05-04 09:49:47 CEST.
Flavor | Version | Tinstall | Tcheck | Ttotal | Status | Flags |
---|---|---|---|---|---|---|
r-devel-windows-x86_64 | 1.0.1 | 8.00 | 123371.00 | 123379.00 | ERROR | |
r-release-windows-x86_64 | 1.0.1 | 7.00 | 134.00 | 141.00 | NOTE | |
r-oldrel-macos-x86_64 | 1.0.1 | 8.00 | ERROR | |||
r-oldrel-windows-x86_64 | 1.0.1 | 8.00 | 199.00 | 207.00 | NOTE |
Version: 1.0.1
Check: LazyData
Result: NOTE
'LazyData' is specified without a 'data' directory
Flavors: r-devel-windows-x86_64, r-release-windows-x86_64, r-oldrel-macos-x86_64, r-oldrel-windows-x86_64
Version: 1.0.1
Check: re-building of vignette outputs
Result: ERROR
Error(s) in re-building vignettes:
--- re-building 'Introduction.Rmd' using rmarkdown
Error: processing vignette 'Introduction.Rmd' failed with diagnostics:
pandoc document conversion failed with error 1
--- failed re-building 'Introduction.Rmd'
--- re-building 'cont-installation.Rmd' using rmarkdown
--- finished re-building 'cont-installation.Rmd'
SUMMARY: processing the following file failed:
'Introduction.Rmd'
Error: Vignette re-building failed.
Execution halted
Flavor: r-devel-windows-x86_64
Version: 1.0.1
Check: PDF version of manual
Result: WARN
LaTeX errors when creating PDF version.
This typically indicates Rd problems.
Flavor: r-oldrel-macos-x86_64
Version: 1.0.1
Check: PDF version of manual without index
Result: ERROR
Re-running with no redirection of stdout/stderr.
Flavor: r-oldrel-macos-x86_64