CRAN Package Check Results for Package RcppXsimd

Last updated on 2025-07-27 10:49:30 CEST.

Flavor Version Tinstall Tcheck Ttotal Status Flags
r-devel-linux-x86_64-debian-clang 7.1.6 11.19 35.54 46.73 NOTE
r-devel-linux-x86_64-debian-gcc 7.1.6 7.43 31.16 38.59 NOTE
r-devel-linux-x86_64-fedora-clang 7.1.6 82.61 NOTE
r-devel-linux-x86_64-fedora-gcc 7.1.6 71.48 NOTE
r-devel-windows-x86_64 7.1.6 18.00 79.00 97.00 NOTE
r-patched-linux-x86_64 7.1.6 10.85 32.49 43.34 NOTE
r-release-linux-x86_64 7.1.6 9.72 32.47 42.19 NOTE
r-release-macos-arm64 7.1.6 23.00 NOTE
r-release-macos-x86_64 7.1.6 60.00 NOTE
r-release-windows-x86_64 7.1.6 17.00 73.00 90.00 NOTE
r-oldrel-macos-arm64 7.1.6 22.00 NOTE
r-oldrel-macos-x86_64 7.1.6 39.00 NOTE
r-oldrel-windows-x86_64 7.1.6 17.00 97.00 114.00 NOTE

Check Details

Version: 7.1.6
Check: CRAN incoming feasibility
Result: NOTE Maintainer: ‘Marc A. Suchard <msuchard@ucla.edu>’ Package CITATION file contains call(s) to old-style citEntry(). Please use bibentry() instead. Flavors: r-devel-linux-x86_64-debian-clang, r-devel-linux-x86_64-debian-gcc

Version: 7.1.6
Check: C++ specification
Result: NOTE Specified C++14: please drop specification unless essential Flavors: r-devel-linux-x86_64-debian-clang, r-devel-linux-x86_64-debian-gcc, r-devel-linux-x86_64-fedora-clang, r-devel-linux-x86_64-fedora-gcc, r-devel-windows-x86_64, r-patched-linux-x86_64, r-release-linux-x86_64, r-release-macos-arm64, r-release-macos-x86_64, r-release-windows-x86_64, r-oldrel-macos-arm64, r-oldrel-macos-x86_64, r-oldrel-windows-x86_64