Last updated on 2025-10-23 10:48:54 CEST.
| Flavor | Version | Tinstall | Tcheck | Ttotal | Status | Flags |
|---|---|---|---|---|---|---|
| r-devel-linux-x86_64-debian-clang | 1.2.0 | 17.03 | 27.44 | 44.47 | NOTE | |
| r-devel-linux-x86_64-debian-gcc | 1.2.0 | 12.53 | 21.15 | 33.68 | NOTE | |
| r-devel-linux-x86_64-fedora-clang | 1.2.0 | 118.00 | -30.06 | 87.94 | OK | |
| r-devel-linux-x86_64-fedora-gcc | 1.2.0 | 32.00 | 43.35 | 75.35 | OK | |
| r-devel-windows-x86_64 | 1.2.0 | 26.00 | 60.00 | 86.00 | OK | |
| r-patched-linux-x86_64 | 1.2.0 | 20.76 | 25.61 | 46.37 | OK | |
| r-release-linux-x86_64 | 1.2.0 | 21.68 | 25.76 | 47.44 | OK | |
| r-release-macos-arm64 | 1.2.0 | 9.00 | 21.00 | 30.00 | OK | |
| r-release-macos-x86_64 | 1.2.0 | 11.00 | 26.00 | 37.00 | OK | |
| r-release-windows-x86_64 | 1.2.0 | 26.00 | 61.00 | 87.00 | OK | |
| r-oldrel-macos-arm64 | 1.2.0 | 8.00 | 18.00 | 26.00 | OK | |
| r-oldrel-macos-x86_64 | 1.2.0 | 11.00 | 26.00 | 37.00 | OK | |
| r-oldrel-windows-x86_64 | 1.2.0 | 31.00 | 74.00 | 105.00 | OK |
Version: 1.2.0
Check: CRAN incoming feasibility
Result: NOTE
Maintainer: ‘Carlos Trucios <ctrucios@gmail.com>’
No Authors@R field in DESCRIPTION.
Please add one, modifying
Authors@R: person(given = "Carlos",
family = "Trucios",
role = c("aut", "cre"),
email = "ctrucios@gmail.com")
as necessary.
Flavors: r-devel-linux-x86_64-debian-clang, r-devel-linux-x86_64-debian-gcc