Last updated on 2024-05-04 09:49:51 CEST.
Flavor | Version | Tinstall | Tcheck | Ttotal | Status | Flags |
---|---|---|---|---|---|---|
r-devel-linux-x86_64-debian-clang | 1.1.0 | 56.47 | 112.84 | 169.31 | NOTE | |
r-devel-linux-x86_64-debian-gcc | 1.1.0 | 45.67 | 83.48 | 129.15 | NOTE | |
r-devel-linux-x86_64-fedora-clang | 1.1.0 | 214.55 | NOTE | |||
r-devel-linux-x86_64-fedora-gcc | 1.1.0 | 230.35 | NOTE | |||
r-devel-windows-x86_64 | 1.1.0 | 46.00 | 117.00 | 163.00 | NOTE | |
r-patched-linux-x86_64 | 1.1.0 | 55.81 | 105.32 | 161.13 | NOTE | |
r-release-linux-x86_64 | 1.1.0 | 48.92 | 106.65 | 155.57 | NOTE | |
r-release-macos-arm64 | 1.1.0 | 50.00 | NOTE | |||
r-release-windows-x86_64 | 1.1.0 | 44.00 | 115.00 | 159.00 | NOTE | |
r-oldrel-macos-arm64 | 1.1.0 | 55.00 | NOTE | |||
r-oldrel-macos-x86_64 | 1.1.0 | 101.00 | NOTE | |||
r-oldrel-windows-x86_64 | 1.1.0 | 56.00 | 148.00 | 204.00 | NOTE |
Version: 1.1.0
Check: C++ specification
Result: NOTE
Specified C++11: please drop specification unless essential
Flavors: r-devel-linux-x86_64-debian-clang, r-devel-linux-x86_64-debian-gcc, r-devel-linux-x86_64-fedora-clang, r-devel-linux-x86_64-fedora-gcc, r-devel-windows-x86_64, r-patched-linux-x86_64, r-release-linux-x86_64, r-release-macos-arm64, r-release-windows-x86_64, r-oldrel-macos-arm64, r-oldrel-macos-x86_64, r-oldrel-windows-x86_64
Version: 1.1.0
Check: package subdirectories
Result: NOTE
Problems with news in ‘NEWS.md’:
No news entries found.
Flavors: r-devel-linux-x86_64-debian-clang, r-devel-linux-x86_64-debian-gcc, r-devel-linux-x86_64-fedora-clang, r-devel-linux-x86_64-fedora-gcc, r-devel-windows-x86_64, r-patched-linux-x86_64, r-release-linux-x86_64, r-release-macos-arm64, r-release-windows-x86_64, r-oldrel-macos-arm64, r-oldrel-macos-x86_64, r-oldrel-windows-x86_64