Last updated on 2024-05-02 10:49:04 CEST.
Flavor | Version | Tinstall | Tcheck | Ttotal | Status | Flags |
---|---|---|---|---|---|---|
r-devel-linux-x86_64-debian-clang | 1.0 | 39.27 | 27.37 | 66.64 | OK | |
r-devel-linux-x86_64-debian-gcc | 1.0 | 25.21 | 20.68 | 45.89 | OK | |
r-devel-linux-x86_64-fedora-clang | 1.0 | 87.49 | NOTE | |||
r-devel-linux-x86_64-fedora-gcc | 1.0 | 91.75 | NOTE | |||
r-devel-windows-x86_64 | 1.0 | 28.00 | 62.00 | 90.00 | OK | |
r-patched-linux-x86_64 | 1.0 | 38.29 | 26.32 | 64.61 | OK | |
r-release-linux-x86_64 | 1.0 | 37.45 | 26.60 | 64.05 | OK | |
r-release-macos-arm64 | 1.0 | 25.00 | OK | |||
r-release-windows-x86_64 | 1.0 | 29.00 | 63.00 | 92.00 | OK | |
r-oldrel-macos-arm64 | 1.0 | 29.00 | OK | |||
r-oldrel-macos-x86_64 | 1.0 | 42.00 | OK | |||
r-oldrel-windows-x86_64 | 1.0 | 34.00 | 65.00 | 99.00 | OK |
Version: 1.0
Check: compiled code
Result: NOTE
File ‘StepwiseTest/libs/StepwiseTest.so’:
Found no calls to: ‘R_registerRoutines’, ‘R_useDynamicSymbols’
It is good practice to register native routines and to disable symbol
search.
See ‘Writing portable packages’ in the ‘Writing R Extensions’ manual.
Flavors: r-devel-linux-x86_64-fedora-clang, r-devel-linux-x86_64-fedora-gcc