Last updated on 2024-05-04 09:49:52 CEST.
Flavor | Version | Tinstall | Tcheck | Ttotal | Status | Flags |
---|---|---|---|---|---|---|
r-devel-linux-x86_64-debian-clang | 1.1-2 | 7.43 | 108.83 | 116.26 | OK | |
r-devel-linux-x86_64-debian-gcc | 1.1-2 | 6.10 | 85.54 | 91.64 | OK | |
r-devel-linux-x86_64-fedora-clang | 1.1-2 | 145.77 | NOTE | |||
r-devel-linux-x86_64-fedora-gcc | 1.1-2 | 163.30 | OK | |||
r-devel-windows-x86_64 | 1.1-2 | 6.00 | 375.00 | 381.00 | NOTE | |
r-patched-linux-x86_64 | 1.1-2 | 6.70 | 102.65 | 109.35 | OK | |
r-release-linux-x86_64 | 1.1-2 | 6.30 | 103.32 | 109.62 | OK | |
r-release-macos-arm64 | 1.1-2 | 56.00 | NOTE | |||
r-release-windows-x86_64 | 1.1-2 | 6.00 | 389.00 | 395.00 | NOTE | |
r-oldrel-macos-arm64 | 1.1-2 | 56.00 | NOTE | |||
r-oldrel-macos-x86_64 | 1.1-2 | 128.00 | NOTE | |||
r-oldrel-windows-x86_64 | 1.1-2 | 8.00 | 455.00 | 463.00 | NOTE |
Version: 1.1-2
Check: installed package size
Result: NOTE
installed size is 8.9Mb
sub-directories of 1Mb or more:
data 1.1Mb
rda 7.1Mb
Flavors: r-devel-linux-x86_64-fedora-clang, r-devel-windows-x86_64, r-release-macos-arm64, r-release-windows-x86_64, r-oldrel-macos-arm64, r-oldrel-macos-x86_64, r-oldrel-windows-x86_64