Last updated on 2024-05-04 09:49:52 CEST.
Flavor | Version | Tinstall | Tcheck | Ttotal | Status | Flags |
---|---|---|---|---|---|---|
r-devel-linux-x86_64-debian-clang | 2.1.1 | 18.24 | 122.22 | 140.46 | NOTE | |
r-devel-linux-x86_64-debian-gcc | 2.1.1 | 12.88 | 87.92 | 100.80 | NOTE | |
r-devel-linux-x86_64-fedora-clang | 2.1.1 | 169.27 | NOTE | |||
r-devel-linux-x86_64-fedora-gcc | 2.1.1 | 159.60 | NOTE | |||
r-devel-windows-x86_64 | 2.1.1 | 14.00 | 270.00 | 284.00 | NOTE | |
r-patched-linux-x86_64 | 2.1.1 | 14.66 | 116.45 | 131.11 | NOTE | |
r-release-linux-x86_64 | 2.1.1 | 16.10 | 114.34 | 130.44 | NOTE | |
r-release-macos-arm64 | 2.1.1 | 46.00 | NOTE | |||
r-release-windows-x86_64 | 2.1.1 | 14.00 | 102.00 | 116.00 | NOTE | |
r-oldrel-macos-arm64 | 2.1.1 | 69.00 | OK | |||
r-oldrel-macos-x86_64 | 2.1.1 | 82.00 | OK | |||
r-oldrel-windows-x86_64 | 2.1.1 | 19.00 | 119.00 | 138.00 | OK |
Version: 2.1.1
Check: Rd files
Result: NOTE
checkRd: (-1) trtsel.Rd:69: Lost braces; missing escapes or markup?
69 | numeric with two values {0,1} and gaussian(link = "identity") otherwise.
| ^
Flavors: r-devel-linux-x86_64-debian-clang, r-devel-linux-x86_64-debian-gcc, r-devel-linux-x86_64-fedora-clang, r-devel-linux-x86_64-fedora-gcc, r-devel-windows-x86_64, r-patched-linux-x86_64, r-release-linux-x86_64, r-release-macos-arm64, r-release-windows-x86_64