Last updated on 2024-05-04 09:49:53 CEST.
Flavor | Version | Tinstall | Tcheck | Ttotal | Status | Flags |
---|---|---|---|---|---|---|
r-devel-linux-x86_64-debian-clang | 0.2 | 12.30 | 101.62 | 113.92 | NOTE | |
r-devel-linux-x86_64-debian-gcc | 0.2 | 10.18 | 75.33 | 85.51 | NOTE | |
r-devel-linux-x86_64-fedora-clang | 0.2 | 146.77 | NOTE | |||
r-devel-linux-x86_64-fedora-gcc | 0.2 | 134.71 | NOTE | |||
r-devel-windows-x86_64 | 0.2 | 12.00 | 252.00 | 264.00 | NOTE | |
r-patched-linux-x86_64 | 0.2 | 11.36 | 95.11 | 106.47 | NOTE | |
r-release-linux-x86_64 | 0.2 | 11.25 | 98.99 | 110.24 | NOTE | |
r-release-macos-arm64 | 0.2 | 36.00 | NOTE | |||
r-release-windows-x86_64 | 0.2 | 10.00 | 88.00 | 98.00 | NOTE | |
r-oldrel-macos-arm64 | 0.2 | 45.00 | NOTE | |||
r-oldrel-macos-x86_64 | 0.2 | 69.00 | NOTE | |||
r-oldrel-windows-x86_64 | 0.2 | 14.00 | 106.00 | 120.00 | NOTE |
Version: 0.2
Check: LazyData
Result: NOTE
'LazyData' is specified without a 'data' directory
Flavors: r-devel-linux-x86_64-debian-clang, r-devel-linux-x86_64-debian-gcc, r-devel-linux-x86_64-fedora-clang, r-devel-linux-x86_64-fedora-gcc, r-devel-windows-x86_64, r-patched-linux-x86_64, r-release-linux-x86_64, r-release-macos-arm64, r-release-windows-x86_64, r-oldrel-macos-arm64, r-oldrel-macos-x86_64, r-oldrel-windows-x86_64