Last updated on 2024-05-04 09:49:53 CEST.
Flavor | Version | Tinstall | Tcheck | Ttotal | Status | Flags |
---|---|---|---|---|---|---|
r-devel-linux-x86_64-debian-clang | 1.0.1 | 6.41 | 53.20 | 59.61 | NOTE | |
r-devel-linux-x86_64-debian-gcc | 1.0.1 | 5.34 | 39.91 | 45.25 | NOTE | |
r-devel-linux-x86_64-fedora-clang | 1.0.1 | 77.78 | NOTE | |||
r-devel-linux-x86_64-fedora-gcc | 1.0.1 | 75.56 | NOTE | |||
r-devel-windows-x86_64 | 1.0.1 | 7.00 | 63.00 | 70.00 | NOTE | |
r-patched-linux-x86_64 | 1.0.1 | 6.34 | 51.20 | 57.54 | NOTE | |
r-release-linux-x86_64 | 1.0.1 | 7.14 | 51.31 | 58.45 | NOTE | |
r-release-macos-arm64 | 1.0.1 | 22.00 | NOTE | |||
r-release-windows-x86_64 | 1.0.1 | 7.00 | 61.00 | 68.00 | NOTE | |
r-oldrel-macos-arm64 | 1.0.1 | 26.00 | NOTE | |||
r-oldrel-macos-x86_64 | 1.0.1 | 37.00 | NOTE | |||
r-oldrel-windows-x86_64 | 1.0.1 | 9.00 | 69.00 | 78.00 | NOTE |
Version: 1.0.1
Check: LazyData
Result: NOTE
'LazyData' is specified without a 'data' directory
Flavors: r-devel-linux-x86_64-debian-clang, r-devel-linux-x86_64-debian-gcc, r-devel-linux-x86_64-fedora-clang, r-devel-linux-x86_64-fedora-gcc, r-devel-windows-x86_64, r-patched-linux-x86_64, r-release-linux-x86_64, r-release-macos-arm64, r-release-windows-x86_64, r-oldrel-macos-arm64, r-oldrel-macos-x86_64, r-oldrel-windows-x86_64
Version: 1.0.1
Check: dependencies in R code
Result: NOTE
Namespace in Imports field not imported from: ‘dplyr’
All declared Imports should be used.
Flavors: r-devel-linux-x86_64-fedora-clang, r-devel-linux-x86_64-fedora-gcc